CRAN Package Check Results for Package inplace

Last updated on 2022-11-27 09:53:31 CET.

Flavor Version Tinstall Tcheck Ttotal Status Flags
r-devel-linux-x86_64-debian-clang 0.1.2 115.25 34.85 150.10 NOTE
r-devel-linux-x86_64-debian-gcc 0.1.2 86.73 27.10 113.83 NOTE
r-devel-linux-x86_64-fedora-clang 0.1.2 242.42 NOTE
r-devel-linux-x86_64-fedora-gcc 0.1.2 209.20 NOTE
r-devel-windows-x86_64 0.1.2 92.00 85.00 177.00 NOTE
r-patched-linux-x86_64 0.1.2 92.23 33.40 125.63 NOTE
r-release-linux-x86_64 0.1.2 86.14 33.09 119.23 NOTE
r-release-macos-arm64 0.1.2 42.00 NOTE
r-release-macos-x86_64 0.1.2 66.00 NOTE
r-release-windows-x86_64 0.1.2 92.00 89.00 181.00 NOTE
r-oldrel-macos-arm64 0.1.2 46.00 NOTE
r-oldrel-macos-x86_64 0.1.2 97.00 NOTE
r-oldrel-windows-ix86+x86_64 0.1.2 266.00 93.00 359.00 NOTE

Check Details

Version: 0.1.2
Check: LazyData
Result: NOTE
     'LazyData' is specified without a 'data' directory
Flavors: r-devel-linux-x86_64-debian-clang, r-devel-linux-x86_64-debian-gcc, r-devel-linux-x86_64-fedora-clang, r-devel-linux-x86_64-fedora-gcc, r-devel-windows-x86_64, r-patched-linux-x86_64, r-release-linux-x86_64, r-release-macos-arm64, r-release-macos-x86_64, r-release-windows-x86_64, r-oldrel-macos-arm64, r-oldrel-macos-x86_64, r-oldrel-windows-ix86+x86_64