Last updated on 2023-03-23 10:54:33 CET.
Flavor | Version | Tinstall | Tcheck | Ttotal | Status | Flags |
---|---|---|---|---|---|---|
r-devel-linux-x86_64-debian-clang | 1.0.4 | 3.42 | 88.58 | 92.00 | OK | |
r-devel-linux-x86_64-debian-gcc | 1.0.4 | 2.53 | 68.23 | 70.76 | OK | |
r-devel-linux-x86_64-fedora-clang | 1.0.4 | 116.39 | NOTE | |||
r-devel-linux-x86_64-fedora-gcc | 1.0.4 | 122.29 | OK | |||
r-patched-linux-x86_64 | 1.0.4 | 3.24 | 142.39 | 145.63 | OK | |
r-release-linux-x86_64 | 1.0.4 | 2.60 | 140.07 | 142.67 | OK | |
r-release-macos-arm64 | 1.0.4 | 55.00 | OK | |||
r-release-macos-x86_64 | 1.0.4 | 66.00 | OK | |||
r-release-windows-x86_64 | 1.0.4 | 10.00 | 156.00 | 166.00 | OK | |
r-oldrel-macos-arm64 | 1.0.4 | 56.00 | OK | |||
r-oldrel-macos-x86_64 | 1.0.4 | 72.00 | OK | |||
r-oldrel-windows-ix86+x86_64 | 1.0.4 | 7.00 | 153.00 | 160.00 | OK |
Version: 1.0.4
Check: installed package size
Result: NOTE
installed size is 5.0Mb
sub-directories of 1Mb or more:
doc 4.5Mb
Flavor: r-devel-linux-x86_64-fedora-clang