CRAN Package Check Results for Package imputeMissings

Last updated on 2022-01-24 10:52:00 CET.

Flavor Version Tinstall Tcheck Ttotal Status Flags
r-devel-linux-x86_64-debian-clang 0.0.3 1.94 29.07 31.01 NOTE
r-devel-linux-x86_64-debian-gcc 0.0.3 1.58 22.74 24.32 NOTE
r-devel-linux-x86_64-fedora-clang 0.0.3 38.26 NOTE
r-devel-linux-x86_64-fedora-gcc 0.0.3 27.32 NOTE
r-devel-windows-x86_64-new-UL 0.0.3 33.00 47.00 80.00 NOTE
r-devel-windows-x86_64-new-TK 0.0.3 NOTE
r-patched-linux-x86_64 0.0.3 1.88 28.36 30.24 NOTE
r-release-linux-x86_64 0.0.3 1.92 28.33 30.25 NOTE
r-release-macos-arm64 0.0.3 NOTE
r-release-macos-x86_64 0.0.3 NOTE
r-release-windows-ix86+x86_64 0.0.3 5.00 38.00 43.00 NOTE
r-oldrel-macos-x86_64 0.0.3 OK
r-oldrel-windows-ix86+x86_64 0.0.3 5.00 37.00 42.00 OK

Check Details

Version: 0.0.3
Check: LazyData
Result: NOTE
     'LazyData' is specified without a 'data' directory
Flavors: r-devel-linux-x86_64-debian-clang, r-devel-linux-x86_64-debian-gcc, r-devel-linux-x86_64-fedora-clang, r-devel-linux-x86_64-fedora-gcc, r-devel-windows-x86_64-new-UL, r-devel-windows-x86_64-new-TK, r-patched-linux-x86_64, r-release-linux-x86_64, r-release-macos-arm64, r-release-macos-x86_64, r-release-windows-ix86+x86_64