CRAN Package Check Results for Package impactflu

Last updated on 2022-12-03 10:51:22 CET.

Flavor Version Tinstall Tcheck Ttotal Status Flags
r-devel-linux-x86_64-debian-clang 0.1.0 33.09 56.90 89.99 NOTE
r-devel-linux-x86_64-debian-gcc 0.1.0 25.10 45.67 70.77 NOTE
r-devel-linux-x86_64-fedora-clang 0.1.0 132.54 NOTE
r-devel-linux-x86_64-fedora-gcc 0.1.0 132.80 NOTE
r-devel-windows-x86_64 0.1.0 32.00 105.00 137.00 NOTE
r-patched-linux-x86_64 0.1.0 29.93 56.48 86.41 NOTE
r-release-linux-x86_64 0.1.0 27.75 50.30 78.05 NOTE
r-release-macos-arm64 0.1.0 31.00 NOTE
r-release-macos-x86_64 0.1.0 56.00 NOTE
r-release-windows-x86_64 0.1.0 35.00 109.00 144.00 NOTE
r-oldrel-macos-arm64 0.1.0 40.00 NOTE
r-oldrel-macos-x86_64 0.1.0 57.00 NOTE
r-oldrel-windows-ix86+x86_64 0.1.0 82.00 119.00 201.00 NOTE

Check Details

Version: 0.1.0
Check: LazyData
Result: NOTE
     'LazyData' is specified without a 'data' directory
Flavors: r-devel-linux-x86_64-debian-clang, r-devel-linux-x86_64-debian-gcc, r-devel-linux-x86_64-fedora-clang, r-devel-linux-x86_64-fedora-gcc, r-devel-windows-x86_64, r-patched-linux-x86_64, r-release-linux-x86_64, r-release-macos-arm64, r-release-macos-x86_64, r-release-windows-x86_64, r-oldrel-macos-arm64, r-oldrel-macos-x86_64, r-oldrel-windows-ix86+x86_64