Last updated on 2023-01-28 10:51:31 CET.
Flavor | Version | Tinstall | Tcheck | Ttotal | Status | Flags |
---|---|---|---|---|---|---|
r-devel-linux-x86_64-debian-clang | 1.3.2 | 100.83 | 77.95 | 178.78 | OK | |
r-devel-linux-x86_64-debian-gcc | 1.3.2 | 75.47 | 64.29 | 139.76 | OK | |
r-devel-linux-x86_64-fedora-clang | 1.3.2 | 265.54 | NOTE | |||
r-devel-linux-x86_64-fedora-gcc | 1.3.2 | 235.36 | OK | |||
r-devel-windows-x86_64 | 1.3.2 | 106.00 | 139.00 | 245.00 | OK | |
r-patched-linux-x86_64 | 1.3.2 | 83.09 | 83.49 | 166.58 | OK | |
r-release-linux-x86_64 | 1.3.2 | 82.60 | 71.68 | 154.28 | OK | |
r-release-macos-arm64 | 1.3.2 | 60.00 | OK | |||
r-release-macos-x86_64 | 1.3.2 | 84.00 | NOTE | |||
r-release-windows-x86_64 | 1.3.2 | 116.00 | 156.00 | 272.00 | OK | |
r-oldrel-macos-arm64 | 1.3.2 | 68.00 | OK | |||
r-oldrel-macos-x86_64 | 1.3.2 | 118.00 | OK | |||
r-oldrel-windows-ix86+x86_64 | 1.3.2 | 233.00 | 180.00 | 413.00 | OK |
Version: 1.3.2
Check: package dependencies
Result: NOTE
Package suggested but not available for checking: ‘tesseract’
Flavors: r-devel-linux-x86_64-fedora-clang, r-release-macos-x86_64