CRAN Package Check Results for Package imager

Last updated on 2022-11-29 09:52:16 CET.

Flavor Version Tinstall Tcheck Ttotal Status Flags
r-devel-linux-x86_64-debian-clang 0.42.13 644.62 168.03 812.65 OK
r-devel-linux-x86_64-debian-gcc 0.42.13 647.67 160.35 808.02 OK
r-devel-linux-x86_64-fedora-clang 0.42.13 1114.45 NOTE
r-devel-linux-x86_64-fedora-gcc 0.42.13 1393.77 OK
r-devel-windows-x86_64 0.42.13 463.00 320.00 783.00 NOTE
r-patched-linux-x86_64 0.42.13 645.52 147.80 793.32 OK
r-release-linux-x86_64 0.42.13 636.64 167.59 804.23 OK
r-release-macos-arm64 0.42.13 194.00 NOTE
r-release-macos-x86_64 0.42.13 251.00 NOTE
r-release-windows-x86_64 0.42.13 470.00 306.00 776.00 NOTE
r-oldrel-macos-arm64 0.42.13 172.00 NOTE
r-oldrel-macos-x86_64 0.42.13 239.00 NOTE
r-oldrel-windows-ix86+x86_64 0.42.13 1398.00 373.00 1771.00 NOTE

Additional issues

M1mac

Check Details

Version: 0.42.13
Check: installed package size
Result: NOTE
     installed size is 14.2Mb
     sub-directories of 1Mb or more:
     data 1.4Mb
     doc 4.4Mb
     extdata 1.1Mb
     include 3.0Mb
     libs 3.6Mb
Flavors: r-devel-linux-x86_64-fedora-clang, r-devel-windows-x86_64, r-release-macos-arm64, r-release-macos-x86_64, r-release-windows-x86_64, r-oldrel-macos-arm64, r-oldrel-macos-x86_64, r-oldrel-windows-ix86+x86_64