CRAN Package Check Results for Package icesTAF

Last updated on 2022-11-28 09:50:48 CET.

Flavor Version Tinstall Tcheck Ttotal Status Flags
r-devel-linux-x86_64-debian-clang 4.0.0 3.90 33.50 37.40 OK
r-devel-linux-x86_64-debian-gcc 4.0.0 2.78 26.33 29.11 OK
r-devel-linux-x86_64-fedora-clang 4.0.0 57.35 OK
r-devel-linux-x86_64-fedora-gcc 4.0.0 58.22 OK
r-devel-windows-x86_64 4.0.0 10.00 61.00 71.00 OK
r-patched-linux-x86_64 4.0.0 6.40 32.33 38.73 OK
r-release-linux-x86_64 4.0.0 4.05 31.90 35.95 OK
r-release-macos-arm64 4.0.0 19.00 OK
r-release-macos-x86_64 4.0.0 7.00 ERROR
r-release-windows-x86_64 4.0.0 13.00 64.00 77.00 OK
r-oldrel-macos-arm64 4.0.0 19.00 OK
r-oldrel-macos-x86_64 4.0.0 29.00 OK
r-oldrel-windows-ix86+x86_64 4.0.0 10.00 56.00 66.00 OK

Check Details

Version: 4.0.0
Check: package dependencies
Result: ERROR
    Package required but not available: ‘TAF’
    
    See section ‘The DESCRIPTION file’ in the ‘Writing R Extensions’
    manual.
Flavor: r-release-macos-x86_64