Last updated on 2022-06-29 10:55:18 CEST.
Flavor | Version | Tinstall | Tcheck | Ttotal | Status | Flags |
---|---|---|---|---|---|---|
r-devel-linux-x86_64-debian-clang | 1.0.2 | 39.48 | 365.91 | 405.39 | OK | |
r-devel-linux-x86_64-debian-gcc | 1.0.2 | 37.12 | 268.00 | 305.12 | OK | |
r-devel-linux-x86_64-fedora-clang | 1.0.2 | 478.75 | NOTE | |||
r-devel-linux-x86_64-fedora-gcc | 1.0.2 | 482.15 | NOTE | |||
r-devel-windows-x86_64 | 1.0.2 | 50.00 | 362.00 | 412.00 | OK | |
r-patched-linux-x86_64 | 1.0.2 | 41.70 | 346.79 | 388.49 | OK | |
r-release-linux-x86_64 | 1.0.2 | 29.21 | 353.06 | 382.27 | OK | |
r-release-macos-arm64 | 1.0.2 | 99.00 | NOTE | |||
r-release-macos-x86_64 | 1.0.2 | 183.00 | NOTE | |||
r-release-windows-x86_64 | 1.0.2 | 58.00 | 343.00 | 401.00 | OK | |
r-oldrel-macos-arm64 | 1.0.2 | 94.00 | NOTE | |||
r-oldrel-macos-x86_64 | 1.0.2 | 139.00 | NOTE | |||
r-oldrel-windows-ix86+x86_64 | 1.0.2 | 91.00 | 354.00 | 445.00 | OK |
Version: 1.0.2
Check: dependencies in R code
Result: NOTE
Namespace in Imports field not imported from: ‘methods’
All declared Imports should be used.
Flavors: r-devel-linux-x86_64-fedora-clang, r-devel-linux-x86_64-fedora-gcc, r-release-macos-arm64, r-release-macos-x86_64, r-oldrel-macos-arm64, r-oldrel-macos-x86_64