Last updated on 2023-03-21 10:52:15 CET.
Flavor | Version | Tinstall | Tcheck | Ttotal | Status | Flags |
---|---|---|---|---|---|---|
r-devel-linux-x86_64-debian-clang | 0.5.0 | 4.29 | 53.40 | 57.69 | OK | |
r-devel-linux-x86_64-debian-gcc | 0.5.0 | 3.50 | 40.69 | 44.19 | OK | |
r-devel-linux-x86_64-fedora-clang | 0.5.0 | 71.11 | NOTE | |||
r-devel-linux-x86_64-fedora-gcc | 0.5.0 | 67.14 | NOTE | |||
r-patched-linux-x86_64 | 0.5.0 | 3.44 | 52.00 | 55.44 | OK | |
r-release-linux-x86_64 | 0.5.0 | 2.67 | 52.17 | 54.84 | OK | |
r-release-macos-arm64 | 0.5.0 | 24.00 | NOTE | |||
r-release-macos-x86_64 | 0.5.0 | 35.00 | NOTE | |||
r-release-windows-x86_64 | 0.5.0 | 34.00 | 89.00 | 123.00 | OK | |
r-oldrel-macos-arm64 | 0.5.0 | 20.00 | NOTE | |||
r-oldrel-macos-x86_64 | 0.5.0 | 34.00 | NOTE | |||
r-oldrel-windows-ix86+x86_64 | 0.5.0 | 9.00 | 88.00 | 97.00 | OK |
Version: 0.5.0
Check: data for non-ASCII characters
Result: NOTE
Note: found 1 marked UTF-8 string
Flavors: r-devel-linux-x86_64-fedora-clang, r-devel-linux-x86_64-fedora-gcc, r-release-macos-arm64, r-release-macos-x86_64, r-oldrel-macos-arm64, r-oldrel-macos-x86_64