CRAN Package Check Results for Package iTOP

Last updated on 2022-11-26 10:00:44 CET.

Flavor Version Tinstall Tcheck Ttotal Status Flags
r-devel-linux-x86_64-debian-clang 1.0.2 2.12 109.60 111.72 NOTE
r-devel-linux-x86_64-debian-gcc 1.0.2 2.06 80.26 82.32 NOTE
r-devel-linux-x86_64-fedora-clang 1.0.2 151.71 NOTE
r-devel-linux-x86_64-fedora-gcc 1.0.2 164.31 NOTE
r-devel-windows-x86_64 1.0.2 15.00 154.00 169.00 NOTE
r-patched-linux-x86_64 1.0.2 NOTE
r-release-linux-x86_64 1.0.2 2.65 105.46 108.11 NOTE
r-release-macos-arm64 1.0.2 56.00 NOTE
r-release-macos-x86_64 1.0.2 59.00 NOTE
r-release-windows-x86_64 1.0.2 17.00 152.00 169.00 NOTE
r-oldrel-macos-arm64 1.0.2 68.00 NOTE
r-oldrel-macos-x86_64 1.0.2 83.00 NOTE
r-oldrel-windows-ix86+x86_64 1.0.2 5.00 142.00 147.00 NOTE

Check Details

Version: 1.0.2
Check: LazyData
Result: NOTE
     'LazyData' is specified without a 'data' directory
Flavors: r-devel-linux-x86_64-debian-clang, r-devel-linux-x86_64-debian-gcc, r-devel-linux-x86_64-fedora-clang, r-devel-linux-x86_64-fedora-gcc, r-devel-windows-x86_64, r-patched-linux-x86_64, r-release-linux-x86_64, r-release-macos-arm64, r-release-macos-x86_64, r-release-windows-x86_64, r-oldrel-macos-arm64, r-oldrel-macos-x86_64, r-oldrel-windows-ix86+x86_64