Last updated on 2022-05-17 10:49:48 CEST.
Flavor | Version | Tinstall | Tcheck | Ttotal | Status | Flags |
---|---|---|---|---|---|---|
r-devel-linux-x86_64-debian-clang | 2.14.0 | 27.88 | 307.99 | 335.87 | OK | |
r-devel-linux-x86_64-debian-gcc | 2.14.0 | 19.87 | 226.76 | 246.63 | OK | |
r-devel-linux-x86_64-fedora-clang | 2.14.0 | 383.75 | OK | |||
r-devel-linux-x86_64-fedora-gcc | 2.14.0 | 405.29 | OK | |||
r-devel-windows-x86_64 | 2.14.0 | 92.00 | 331.00 | 423.00 | OK | |
r-patched-linux-x86_64 | 2.14.0 | 25.73 | 290.83 | 316.56 | OK | |
r-release-linux-x86_64 | 2.14.0 | 22.44 | 291.23 | 313.67 | OK | |
r-release-macos-arm64 | 2.14.0 | 120.00 | OK | |||
r-release-macos-x86_64 | 2.14.0 | 211.00 | OK | |||
r-release-windows-x86_64 | 2.14.0 | 122.00 | 331.00 | 453.00 | OK | |
r-oldrel-macos-arm64 | 2.14.0 | 107.00 | NOTE | |||
r-oldrel-macos-x86_64 | 2.14.0 | 167.00 | OK | |||
r-oldrel-windows-ix86+x86_64 | 2.14.0 | 49.00 | 322.00 | 371.00 | OK |
Version: 2.14.0
Check: package dependencies
Result: NOTE
Package suggested but not available for checking: ‘testthat’
Flavor: r-oldrel-macos-arm64