CRAN Package Check Results for Package iBreakDown

Last updated on 2024-04-13 10:48:34 CEST.

Flavor Version Tinstall Tcheck Ttotal Status Flags
r-devel-linux-x86_64-debian-clang 2.1.2 6.64 292.61 299.25 OK
r-devel-linux-x86_64-debian-gcc 2.1.2 5.42 218.11 223.53 OK
r-devel-linux-x86_64-fedora-clang 2.1.2 373.20 OK
r-devel-linux-x86_64-fedora-gcc 2.1.2 370.58 OK
r-devel-windows-x86_64 2.1.2 7.00 274.00 281.00 OK
r-patched-linux-x86_64 2.1.2 5.93 274.88 280.81 OK
r-release-linux-x86_64 2.1.2 7.73 273.30 281.03 OK
r-release-macos-arm64 2.1.2 235.00 OK
r-release-macos-x86_64 2.1.2 325.00 OK
r-release-windows-x86_64 2.1.2 10.00 298.00 308.00 ERROR
r-oldrel-macos-arm64 2.1.2 228.00 OK
r-oldrel-windows-x86_64 2.1.2 9.00 301.00 310.00 OK

Check Details

Version: 2.1.2
Check: re-building of vignette outputs
Result: ERROR Error(s) in re-building vignettes: --- re-building 'vignette_iBreakDown_description.Rmd' using rmarkdown Quitting from lines at lines 125-126 [unnamed-chunk-10] (vignette_iBreakDown_description.Rmd) Error: processing vignette 'vignette_iBreakDown_description.Rmd' failed with diagnostics: attempt to select less than one element in integerOneIndex --- failed re-building 'vignette_iBreakDown_description.Rmd' --- re-building 'vignette_iBreakDown_titanic.Rmd' using rmarkdown --- finished re-building 'vignette_iBreakDown_titanic.Rmd' SUMMARY: processing the following file failed: 'vignette_iBreakDown_description.Rmd' Error: Vignette re-building failed. Execution halted Flavor: r-release-windows-x86_64