CRAN Package Check Results for Package httptest2

Last updated on 2022-12-09 10:00:24 CET.

Flavor Version Tinstall Tcheck Ttotal Status Flags
r-devel-linux-x86_64-debian-clang 0.1.0 4.64 61.54 66.18 OK
r-devel-linux-x86_64-debian-gcc 0.1.0 3.58 49.33 52.91 OK
r-devel-linux-x86_64-fedora-clang 0.1.0 92.96 OK
r-devel-linux-x86_64-fedora-gcc 0.1.0 102.35 OK
r-devel-windows-x86_64 0.1.0 34.00 103.00 137.00 OK
r-patched-linux-x86_64 0.1.0 3.16 60.61 63.77 OK
r-release-linux-x86_64 0.1.0 3.01 57.85 60.86 OK
r-release-macos-arm64 0.1.0 28.00 OK
r-release-macos-x86_64 0.1.0 56.00 OK
r-release-windows-x86_64 0.1.0 21.00 108.00 129.00 OK
r-oldrel-macos-arm64 0.1.0 25.00 OK
r-oldrel-macos-x86_64 0.1.0 40.00 OK
r-oldrel-windows-ix86+x86_64 0.1.0 10.00 107.00 117.00 WARN

Check Details

Version: 0.1.0
Check: for unstated dependencies in ‘tests’
Result: WARN
    Warning: unable to access index for repository https://bioconductor.org/packages/3.14/bioc/src/contrib:
     cannot open URL 'https://bioconductor.org/packages/3.14/bioc/src/contrib/PACKAGES'
    Warning: unable to access index for repository https://bioconductor.org/packages/3.14/data/annotation/src/contrib:
     cannot open URL 'https://bioconductor.org/packages/3.14/data/annotation/src/contrib/PACKAGES'
    Warning: unable to access index for repository https://bioconductor.org/packages/3.14/data/experiment/src/contrib:
     cannot open URL 'https://bioconductor.org/packages/3.14/data/experiment/src/contrib/PACKAGES'
Flavor: r-oldrel-windows-ix86+x86_64