Last updated on 2023-03-28 10:51:38 CEST.
Flavor | Version | Tinstall | Tcheck | Ttotal | Status | Flags |
---|---|---|---|---|---|---|
r-devel-linux-x86_64-debian-clang | 1.3.0 | 245.73 | 41.84 | 287.57 | OK | |
r-devel-linux-x86_64-debian-gcc | 1.3.0 | 208.23 | 32.54 | 240.77 | OK | |
r-devel-linux-x86_64-fedora-clang | 1.3.0 | 420.36 | OK | |||
r-devel-linux-x86_64-fedora-gcc | 1.3.0 | 433.44 | OK | |||
r-patched-linux-x86_64 | 1.3.0 | 211.21 | 41.30 | 252.51 | OK | |
r-release-linux-x86_64 | 1.3.0 | 203.37 | 38.14 | 241.51 | OK | |
r-release-macos-arm64 | 1.3.0 | 107.00 | NOTE | |||
r-release-macos-x86_64 | 1.3.0 | 119.00 | NOTE | |||
r-release-windows-x86_64 | 1.3.0 | 276.00 | 100.00 | 376.00 | OK | |
r-oldrel-macos-arm64 | 1.3.0 | 101.00 | NOTE | |||
r-oldrel-macos-x86_64 | 1.3.0 | 127.00 | NOTE | |||
r-oldrel-windows-ix86+x86_64 | 1.3.0 | 556.00 | 105.00 | 661.00 | OK |
Version: 1.3.0
Check: installed package size
Result: NOTE
installed size is 15.8Mb
sub-directories of 1Mb or more:
libs 15.4Mb
Flavors: r-release-macos-arm64, r-release-macos-x86_64, r-oldrel-macos-arm64, r-oldrel-macos-x86_64