CRAN Package Check Results for Package hospitals

Last updated on 2022-11-28 09:50:47 CET.

Flavor Version Tinstall Tcheck Ttotal Status Flags
r-devel-linux-x86_64-debian-clang 0.1.0 4.38 40.52 44.90 OK
r-devel-linux-x86_64-debian-gcc 0.1.0 3.17 31.29 34.46 OK
r-devel-linux-x86_64-fedora-clang 0.1.0 66.03 NOTE
r-devel-linux-x86_64-fedora-gcc 0.1.0 66.64 NOTE
r-devel-windows-x86_64 0.1.0 14.00 70.00 84.00 OK
r-patched-linux-x86_64 0.1.0 3.89 39.92 43.81 OK
r-release-linux-x86_64 0.1.0 3.45 39.55 43.00 OK
r-release-macos-arm64 0.1.0 21.00 NOTE
r-release-macos-x86_64 0.1.0 30.00 NOTE
r-release-windows-x86_64 0.1.0 14.00 68.00 82.00 OK
r-oldrel-macos-arm64 0.1.0 29.00 NOTE
r-oldrel-macos-x86_64 0.1.0 28.00 NOTE
r-oldrel-windows-ix86+x86_64 0.1.0 9.00 60.00 69.00 OK

Check Details

Version: 0.1.0
Check: data for non-ASCII characters
Result: NOTE
     Note: found 124 marked UTF-8 strings
Flavors: r-devel-linux-x86_64-fedora-clang, r-devel-linux-x86_64-fedora-gcc, r-release-macos-arm64, r-release-macos-x86_64, r-oldrel-macos-arm64, r-oldrel-macos-x86_64