CRAN Package Check Results for Package homals

Last updated on 2021-11-28 09:49:09 CET.

Flavor Version Tinstall Tcheck Ttotal Status Flags
r-devel-linux-x86_64-debian-clang 1.0-9 OK
r-devel-linux-x86_64-debian-gcc 1.0-9 4.08 41.62 45.70 OK
r-devel-linux-x86_64-fedora-clang 1.0-9 83.83 NOTE
r-devel-linux-x86_64-fedora-gcc 1.0-9 72.75 OK
r-devel-windows-x86_64-new-UL 1.0-9 13.00 90.00 103.00 OK
r-devel-windows-x86_64-new-TK 1.0-9 OK
r-devel-windows-x86_64-old 1.0-9 6.00 79.00 85.00 OK
r-patched-linux-x86_64 1.0-9 6.07 54.77 60.84 OK
r-patched-solaris-x86 1.0-9 93.10 OK
r-release-linux-x86_64 1.0-9 5.11 54.19 59.30 OK
r-release-macos-arm64 1.0-9 OK
r-release-macos-x86_64 1.0-9 OK
r-release-windows-ix86+x86_64 1.0-9 10.00 58.00 68.00 OK
r-oldrel-macos-x86_64 1.0-9 OK
r-oldrel-windows-ix86+x86_64 1.0-9 9.00 73.00 82.00 OK

Check Details

Version: 1.0-9
Check: Rd cross-references
Result: NOTE
    Undeclared package ‘rgl’ in Rd xrefs
Flavor: r-devel-linux-x86_64-fedora-clang