CRAN Package Check Results for Package holiglm

Last updated on 2022-11-26 10:00:43 CET.

Flavor Version Tinstall Tcheck Ttotal Status Flags
r-devel-linux-x86_64-debian-clang 0.2.1 27.44 313.40 340.84 NOTE
r-devel-linux-x86_64-debian-gcc 0.2.1 25.80 213.31 239.11 NOTE
r-devel-linux-x86_64-fedora-clang 0.2.1 431.93 NOTE
r-devel-linux-x86_64-fedora-gcc 0.2.1 458.67 NOTE
r-devel-windows-x86_64 0.2.1 43.00 286.00 329.00 NOTE
r-patched-linux-x86_64 0.2.1 NOTE
r-release-linux-x86_64 0.2.1 32.43 298.13 330.56 NOTE
r-release-macos-arm64 0.2.1 82.00 NOTE
r-release-macos-x86_64 0.2.1 112.00 NOTE
r-release-windows-x86_64 0.2.1 50.00 291.00 341.00 NOTE
r-oldrel-macos-arm64 0.2.1 74.00 NOTE
r-oldrel-macos-x86_64 0.2.1 110.00 NOTE
r-oldrel-windows-ix86+x86_64 0.2.1 72.00 329.00 401.00 NOTE

Check Details

Version: 0.2.1
Check: package dependencies
Result: NOTE
    Package suggested but not available for checking: 'ROI.plugin.mosek'
Flavors: r-devel-linux-x86_64-debian-clang, r-devel-linux-x86_64-debian-gcc, r-devel-linux-x86_64-fedora-clang, r-devel-linux-x86_64-fedora-gcc, r-devel-windows-x86_64, r-patched-linux-x86_64, r-release-linux-x86_64, r-release-macos-arm64, r-release-macos-x86_64, r-release-windows-x86_64, r-oldrel-macos-arm64, r-oldrel-macos-x86_64, r-oldrel-windows-ix86+x86_64