Last updated on 2023-12-03 10:52:05 CET.
Flavor | Version | Tinstall | Tcheck | Ttotal | Status | Flags |
---|---|---|---|---|---|---|
r-devel-linux-x86_64-debian-clang | 3.0-9 | 9.63 | 64.74 | 74.37 | NOTE | |
r-devel-linux-x86_64-debian-gcc | 3.0-9 | 8.68 | 48.26 | 56.94 | NOTE | |
r-devel-linux-x86_64-fedora-clang | 3.0-9 | 97.63 | OK | |||
r-devel-linux-x86_64-fedora-gcc | 3.0-9 | 90.07 | OK | |||
r-devel-windows-x86_64 | 3.0-9 | 13.00 | 76.00 | 89.00 | OK | |
r-patched-linux-x86_64 | 3.0-9 | 11.84 | 64.77 | 76.61 | OK | |
r-release-linux-x86_64 | 3.0-9 | 9.56 | 63.91 | 73.47 | OK | |
r-release-macos-arm64 | 3.0-9 | 31.00 | OK | |||
r-release-macos-x86_64 | 3.0-9 | 50.00 | OK | |||
r-release-windows-x86_64 | 3.0-9 | 16.00 | 84.00 | 100.00 | OK | |
r-oldrel-macos-arm64 | 3.0-9 | 30.00 | OK | |||
r-oldrel-macos-x86_64 | 3.0-9 | 39.00 | OK | |||
r-oldrel-windows-x86_64 | 3.0-9 | 18.00 | 83.00 | 101.00 | OK |
Version: 3.0-9
Check: Rd files
Result: NOTE
checkRd: (-1) nafracCalc.Rd:45: Lost braces
45 | as if code{y} were not of class \code{"multipleHmmDataSets"}.
| ^
Flavors: r-devel-linux-x86_64-debian-clang, r-devel-linux-x86_64-debian-gcc