Last updated on 2023-05-29 11:03:12 CEST.
Flavor | Version | Tinstall | Tcheck | Ttotal | Status | Flags |
---|---|---|---|---|---|---|
r-devel-linux-x86_64-debian-clang | 0.0.5 | 183.39 | 246.79 | 430.18 | NOTE | |
r-devel-linux-x86_64-debian-gcc | 0.0.5 | 158.37 | 191.88 | 350.25 | NOTE | |
r-devel-linux-x86_64-fedora-clang | 0.0.5 | 543.76 | NOTE | |||
r-devel-linux-x86_64-fedora-gcc | 0.0.5 | 608.01 | NOTE | |||
r-devel-windows-x86_64 | 0.0.5 | 145.00 | 208.00 | 353.00 | NOTE | |
r-patched-linux-x86_64 | 0.0.5 | 152.29 | 239.99 | 392.28 | NOTE | |
r-release-linux-x86_64 | 0.0.5 | 138.91 | 241.39 | 380.30 | NOTE | |
r-release-macos-arm64 | 0.0.5 | 169.00 | NOTE | |||
r-release-macos-x86_64 | 0.0.5 | 271.00 | NOTE | |||
r-release-windows-x86_64 | 0.0.5 | 187.00 | 285.00 | 472.00 | NOTE | |
r-oldrel-macos-arm64 | 0.0.5 | 144.00 | NOTE | |||
r-oldrel-macos-x86_64 | 0.0.5 | 199.00 | NOTE | |||
r-oldrel-windows-x86_64 | 0.0.5 | 169.00 | 274.00 | 443.00 | NOTE |
Version: 0.0.5
Check: for GNU extensions in Makefiles
Result: NOTE
GNU make is a SystemRequirements.
Flavors: r-devel-linux-x86_64-debian-clang, r-devel-linux-x86_64-debian-gcc, r-devel-linux-x86_64-fedora-clang, r-devel-linux-x86_64-fedora-gcc, r-devel-windows-x86_64, r-patched-linux-x86_64, r-release-linux-x86_64, r-release-macos-arm64, r-release-macos-x86_64, r-release-windows-x86_64, r-oldrel-macos-arm64, r-oldrel-macos-x86_64, r-oldrel-windows-x86_64
Version: 0.0.5
Check: installed package size
Result: NOTE
installed size is 41.8Mb
sub-directories of 1Mb or more:
libs 41.3Mb
Flavors: r-release-macos-arm64, r-release-macos-x86_64, r-oldrel-macos-arm64, r-oldrel-macos-x86_64