Last updated on 2023-03-27 09:50:15 CEST.
Flavor | Version | Tinstall | Tcheck | Ttotal | Status | Flags |
---|---|---|---|---|---|---|
r-devel-linux-x86_64-debian-clang | 0.4.9 | 6.78 | 56.30 | 63.08 | NOTE | |
r-devel-linux-x86_64-debian-gcc | 0.4.9 | 5.69 | 42.32 | 48.01 | NOTE | |
r-devel-linux-x86_64-fedora-clang | 0.4.9 | 81.23 | NOTE | |||
r-devel-linux-x86_64-fedora-gcc | 0.4.9 | 76.79 | NOTE | |||
r-patched-linux-x86_64 | 0.4.9 | 7.06 | 54.99 | 62.05 | NOTE | |
r-release-linux-x86_64 | 0.4.9 | 5.23 | 54.34 | 59.57 | NOTE | |
r-release-macos-arm64 | 0.4.9 | 29.00 | NOTE | |||
r-release-macos-x86_64 | 0.4.9 | 49.00 | NOTE | |||
r-release-windows-x86_64 | 0.4.9 | 17.00 | 84.00 | 101.00 | NOTE | |
r-oldrel-macos-arm64 | 0.4.9 | 31.00 | NOTE | |||
r-oldrel-macos-x86_64 | 0.4.9 | 42.00 | NOTE | |||
r-oldrel-windows-ix86+x86_64 | 0.4.9 | 20.00 | 85.00 | 105.00 | NOTE |
Version: 0.4.9
Check: LazyData
Result: NOTE
'LazyData' is specified without a 'data' directory
Flavors: r-devel-linux-x86_64-debian-clang, r-devel-linux-x86_64-debian-gcc, r-devel-linux-x86_64-fedora-clang, r-devel-linux-x86_64-fedora-gcc, r-patched-linux-x86_64, r-release-linux-x86_64, r-release-macos-arm64, r-release-macos-x86_64, r-release-windows-x86_64, r-oldrel-macos-arm64, r-oldrel-macos-x86_64, r-oldrel-windows-ix86+x86_64