CRAN Package Check Results for Package heuristica

Last updated on 2024-07-24 10:34:02 CEST.

Flavor Version Tinstall Tcheck Ttotal Status Flags
r-devel-linux-x86_64-debian-clang 1.0.3 2.87 244.72 247.59 NOTE
r-devel-linux-x86_64-debian-gcc 1.0.3 2.98 166.75 169.73 NOTE
r-devel-linux-x86_64-fedora-clang 1.0.3 295.03 NOTE
r-devel-linux-x86_64-fedora-gcc 1.0.3 294.56 NOTE
r-devel-windows-x86_64 1.0.3 6.00 180.00 186.00 NOTE
r-patched-linux-x86_64 1.0.3 3.03 228.09 231.12 NOTE
r-release-linux-x86_64 1.0.3 2.40 230.31 232.71 NOTE
r-release-macos-arm64 1.0.3 79.00 NOTE
r-release-macos-x86_64 1.0.3 124.00 NOTE
r-release-windows-x86_64 1.0.3 5.00 181.00 186.00 NOTE
r-oldrel-macos-arm64 1.0.3 86.00 OK
r-oldrel-macos-x86_64 1.0.3 136.00 OK
r-oldrel-windows-x86_64 1.0.3 6.00 232.00 238.00 OK

Check Details

Version: 1.0.3
Check: Rd files
Result: NOTE checkRd: (-1) predictPair.Rd:20: Lost braces; missing escapes or markup? 20 | A number in the set {-1, 0, 1}, where 1 means row1 is predicted to | ^ checkRd: (-1) predictPairInternal.Rd:18: Lost braces; missing escapes or markup? 18 | A number in the set {-1, 0, 1}, where 1 means row1 is predicted to | ^ Flavors: r-devel-linux-x86_64-debian-clang, r-devel-linux-x86_64-debian-gcc, r-devel-linux-x86_64-fedora-clang, r-devel-linux-x86_64-fedora-gcc, r-devel-windows-x86_64, r-patched-linux-x86_64, r-release-linux-x86_64, r-release-macos-arm64, r-release-macos-x86_64, r-release-windows-x86_64