Last updated on 2023-01-30 10:52:02 CET.
Flavor | Version | Tinstall | Tcheck | Ttotal | Status | Flags |
---|---|---|---|---|---|---|
r-devel-linux-x86_64-debian-clang | 1.1.4 | 78.08 | 154.64 | 232.72 | OK | --no-vignettes |
r-devel-linux-x86_64-debian-gcc | 1.1.4 | 67.97 | 109.16 | 177.13 | OK | --no-vignettes |
r-devel-linux-x86_64-fedora-clang | 1.1.4 | 324.13 | OK | --no-vignettes | ||
r-devel-linux-x86_64-fedora-gcc | 1.1.4 | 297.59 | OK | --no-vignettes | ||
r-devel-windows-x86_64 | 1.1.4 | 106.00 | 231.00 | 337.00 | OK | --no-vignettes |
r-patched-linux-x86_64 | 1.1.4 | 70.22 | 146.71 | 216.93 | OK | --no-vignettes |
r-release-linux-x86_64 | 1.1.4 | 66.32 | 147.38 | 213.70 | OK | --no-vignettes |
r-release-macos-arm64 | 1.1.4 | 1803.00 | ERROR | |||
r-release-macos-x86_64 | 1.1.4 | 1079.00 | OK | |||
r-release-windows-x86_64 | 1.1.4 | 96.00 | 225.00 | 321.00 | OK | --no-vignettes |
r-oldrel-macos-arm64 | 1.1.4 | 1724.00 | OK | |||
r-oldrel-macos-x86_64 | 1.1.4 | 897.00 | OK | |||
r-oldrel-windows-ix86+x86_64 | 1.1.4 | 190.00 | 313.00 | 503.00 | OK | --no-vignettes |
Version: 1.1.4
Check: re-building of vignette outputs
Result: ERROR
Error(s) in re-building vignettes:
...
--- re-building ‘hetGP_vignette.Rnw’ using knitr
Execution halted
* checking PDF version of manual ...* using check arguments '--no-clean-on-error '
Flavor: r-release-macos-arm64