CRAN Package Check Results for Package healthyverse

Last updated on 2022-11-27 09:53:30 CET.

Flavor Version Tinstall Tcheck Ttotal Status Flags
r-devel-linux-x86_64-debian-clang 1.0.2 12.82 133.47 146.29 OK
r-devel-linux-x86_64-debian-gcc 1.0.2 10.42 102.19 112.61 OK
r-devel-linux-x86_64-fedora-clang 1.0.2 193.41 NOTE
r-devel-linux-x86_64-fedora-gcc 1.0.2 195.06 NOTE
r-devel-windows-x86_64 1.0.2 30.00 161.00 191.00 OK
r-patched-linux-x86_64 1.0.2 13.55 133.78 147.33 OK
r-release-linux-x86_64 1.0.2 14.32 129.04 143.36 OK
r-release-macos-arm64 1.0.2 51.00 NOTE
r-release-macos-x86_64 1.0.2 84.00 NOTE
r-release-windows-x86_64 1.0.2 32.00 160.00 192.00 OK
r-oldrel-macos-arm64 1.0.2 45.00 NOTE
r-oldrel-macos-x86_64 1.0.2 67.00 NOTE
r-oldrel-windows-ix86+x86_64 1.0.2 37.00 153.00 190.00 OK

Check Details

Version: 1.0.2
Check: dependencies in R code
Result: NOTE
    Namespaces in Imports field not imported from:
     ‘TidyDensity’ ‘healthyR’ ‘healthyR.ai’ ‘healthyR.data’ ‘healthyR.ts’
     All declared Imports should be used.
Flavors: r-devel-linux-x86_64-fedora-clang, r-devel-linux-x86_64-fedora-gcc, r-release-macos-arm64, r-release-macos-x86_64, r-oldrel-macos-arm64, r-oldrel-macos-x86_64