Last updated on 2023-06-08 09:59:18 CEST.
Flavor | Version | Tinstall | Tcheck | Ttotal | Status | Flags |
---|---|---|---|---|---|---|
r-devel-linux-x86_64-debian-clang | 3.4 | 6.33 | 49.92 | 56.25 | OK | |
r-devel-linux-x86_64-debian-gcc | 3.4 | 4.69 | 37.64 | 42.33 | OK | |
r-devel-linux-x86_64-fedora-clang | 3.4 | 72.75 | OK | |||
r-devel-linux-x86_64-fedora-gcc | 3.4 | 67.85 | OK | |||
r-devel-windows-x86_64 | 3.4 | 10.00 | 65.00 | 75.00 | NOTE | |
r-patched-linux-x86_64 | 3.4 | 6.54 | 48.03 | 54.57 | OK | |
r-release-linux-x86_64 | 3.4 | 5.75 | 48.10 | 53.85 | OK | |
r-release-macos-arm64 | 3.4 | 26.00 | OK | |||
r-release-macos-x86_64 | 3.4 | 37.00 | OK | |||
r-release-windows-x86_64 | 3.4 | 11.00 | 71.00 | 82.00 | NOTE | |
r-oldrel-macos-arm64 | 3.4 | 26.00 | OK | |||
r-oldrel-macos-x86_64 | 3.4 | 32.00 | OK | |||
r-oldrel-windows-x86_64 | 3.4 | 10.00 | 69.00 | 79.00 | OK |
Version: 3.4
Check: C++ specification
Result: NOTE
Specified C++11: please drop specification unless essential
Flavors: r-devel-windows-x86_64, r-release-windows-x86_64