CRAN Package Check Results for Package hNMF

Last updated on 2022-12-08 10:53:22 CET.

Flavor Version Tinstall Tcheck Ttotal Status Flags
r-devel-linux-x86_64-debian-clang 1.0 12.44 111.56 124.00 NOTE
r-devel-linux-x86_64-debian-gcc 1.0 9.59 85.41 95.00 NOTE
r-devel-linux-x86_64-fedora-clang 1.0 155.50 NOTE
r-devel-linux-x86_64-fedora-gcc 1.0 154.20 NOTE
r-devel-windows-x86_64 1.0 23.00 142.00 165.00 NOTE
r-patched-linux-x86_64 1.0 11.50 103.16 114.66 NOTE
r-release-linux-x86_64 1.0 9.90 102.96 112.86 NOTE
r-release-macos-arm64 1.0 41.00 NOTE
r-release-macos-x86_64 1.0 81.00 NOTE
r-release-windows-x86_64 1.0 20.00 126.00 146.00 NOTE
r-oldrel-macos-arm64 1.0 53.00 NOTE
r-oldrel-macos-x86_64 1.0 62.00 NOTE
r-oldrel-windows-ix86+x86_64 1.0 26.00 127.00 153.00 NOTE

Check Details

Version: 1.0
Check: LazyData
Result: NOTE
     'LazyData' is specified without a 'data' directory
Flavors: r-devel-linux-x86_64-debian-clang, r-devel-linux-x86_64-debian-gcc, r-devel-linux-x86_64-fedora-clang, r-devel-linux-x86_64-fedora-gcc, r-devel-windows-x86_64, r-patched-linux-x86_64, r-release-linux-x86_64, r-release-macos-arm64, r-release-macos-x86_64, r-release-windows-x86_64, r-oldrel-macos-arm64, r-oldrel-macos-x86_64, r-oldrel-windows-ix86+x86_64