CRAN Package Check Results for Package gym

Last updated on 2022-12-03 10:51:21 CET.

Flavor Version Tinstall Tcheck Ttotal Status Flags
r-devel-linux-x86_64-debian-clang 0.1.0 2.38 22.72 25.10 NOTE
r-devel-linux-x86_64-debian-gcc 0.1.0 1.77 17.92 19.69 NOTE
r-devel-linux-x86_64-fedora-clang 0.1.0 42.15 NOTE
r-devel-linux-x86_64-fedora-gcc 0.1.0 41.14 NOTE
r-devel-windows-x86_64 0.1.0 16.00 52.00 68.00 NOTE
r-patched-linux-x86_64 0.1.0 2.08 22.11 24.19 NOTE
r-release-linux-x86_64 0.1.0 2.00 22.50 24.50 NOTE
r-release-macos-arm64 0.1.0 17.00 NOTE
r-release-macos-x86_64 0.1.0 20.00 NOTE
r-release-windows-x86_64 0.1.0 12.00 51.00 63.00 NOTE
r-oldrel-macos-arm64 0.1.0 18.00 NOTE
r-oldrel-macos-x86_64 0.1.0 23.00 NOTE
r-oldrel-windows-ix86+x86_64 0.1.0 6.00 47.00 53.00 NOTE

Check Details

Version: 0.1.0
Check: LazyData
Result: NOTE
     'LazyData' is specified without a 'data' directory
Flavors: r-devel-linux-x86_64-debian-clang, r-devel-linux-x86_64-debian-gcc, r-devel-linux-x86_64-fedora-clang, r-devel-linux-x86_64-fedora-gcc, r-devel-windows-x86_64, r-patched-linux-x86_64, r-release-linux-x86_64, r-release-macos-arm64, r-release-macos-x86_64, r-release-windows-x86_64, r-oldrel-macos-arm64, r-oldrel-macos-x86_64, r-oldrel-windows-ix86+x86_64