CRAN Package Check Results for Package gwrr

Last updated on 2021-12-06 09:53:29 CET.

Flavor Version Tinstall Tcheck Ttotal Status Flags
r-devel-linux-x86_64-debian-clang 0.2-1 7.52 82.06 89.58 NOTE
r-devel-linux-x86_64-debian-gcc 0.2-1 6.00 60.74 66.74 NOTE
r-devel-linux-x86_64-fedora-clang 0.2-1 106.89 NOTE
r-devel-linux-x86_64-fedora-gcc 0.2-1 94.43 NOTE
r-devel-windows-x86_64-new-UL 0.2-1 15.00 105.00 120.00 NOTE
r-devel-windows-x86_64-new-TK 0.2-1 NOTE
r-devel-windows-x86_64-old 0.2-1 12.00 71.00 83.00 NOTE
r-patched-linux-x86_64 0.2-1 6.29 67.64 73.93 NOTE
r-release-linux-x86_64 0.2-1 6.82 75.94 82.76 NOTE
r-release-macos-arm64 0.2-1 NOTE
r-release-macos-x86_64 0.2-1 NOTE
r-release-windows-ix86+x86_64 0.2-1 18.00 97.00 115.00 NOTE
r-oldrel-macos-x86_64 0.2-1 NOTE
r-oldrel-windows-ix86+x86_64 0.2-1 18.00 95.00 113.00 NOTE

Check Details

Version: 0.2-1
Check: dependencies in R code
Result: NOTE
    'library' or 'require' calls to packages already attached by Depends:
     'fields' 'lars'
     Please remove these calls from your code.
    Package in Depends field not imported from: 'lars'
     These packages need to be imported from (in the NAMESPACE file)
     for when this namespace is loaded but not attached.
Flavors: r-devel-linux-x86_64-debian-clang, r-devel-linux-x86_64-debian-gcc, r-devel-linux-x86_64-fedora-clang, r-devel-linux-x86_64-fedora-gcc, r-devel-windows-x86_64-new-UL, r-devel-windows-x86_64-new-TK, r-devel-windows-x86_64-old, r-patched-linux-x86_64, r-release-linux-x86_64, r-release-macos-arm64, r-release-macos-x86_64, r-release-windows-ix86+x86_64, r-oldrel-macos-x86_64, r-oldrel-windows-ix86+x86_64

Version: 0.2-1
Check: R code for possible problems
Result: NOTE
    gwl.beta: no visible global function definition for 'lars'
    gwl.cv.err: no visible global function definition for 'lars'
    gwl.est: no visible global function definition for 'lm'
    gwr.bw.est: no visible global function definition for 'lm'
    gwr.est: no visible global function definition for 'lm'
    gwr.rsquare: no visible global function definition for 'cor'
    gwrr.est: no visible global function definition for 'lm'
    Undefined global functions or variables:
     cor lars lm
    Consider adding
     importFrom("stats", "cor", "lm")
    to your NAMESPACE file.
Flavors: r-devel-linux-x86_64-debian-clang, r-devel-linux-x86_64-debian-gcc, r-devel-linux-x86_64-fedora-clang, r-devel-linux-x86_64-fedora-gcc, r-devel-windows-x86_64-new-UL, r-devel-windows-x86_64-new-TK, r-devel-windows-x86_64-old, r-patched-linux-x86_64, r-release-linux-x86_64, r-release-macos-arm64, r-release-macos-x86_64, r-release-windows-ix86+x86_64, r-oldrel-macos-x86_64, r-oldrel-windows-ix86+x86_64