Last updated on 2023-06-02 10:52:33 CEST.
Flavor | Version | Tinstall | Tcheck | Ttotal | Status | Flags |
---|---|---|---|---|---|---|
r-devel-linux-x86_64-debian-clang | 3.0 | 19.18 | 182.70 | 201.88 | NOTE | |
r-devel-linux-x86_64-debian-gcc | 3.0 | 18.76 | 138.26 | 157.02 | NOTE | |
r-devel-linux-x86_64-fedora-clang | 3.0 | 278.27 | NOTE | |||
r-devel-linux-x86_64-fedora-gcc | 3.0 | 257.01 | NOTE | |||
r-devel-windows-x86_64 | 3.0 | 21.00 | 153.00 | 174.00 | NOTE | |
r-patched-linux-x86_64 | 3.0 | NOTE | ||||
r-release-linux-x86_64 | 3.0 | 19.41 | 174.92 | 194.33 | NOTE | |
r-release-macos-arm64 | 3.0 | 73.00 | NOTE | |||
r-release-macos-x86_64 | 3.0 | 124.00 | NOTE | |||
r-release-windows-x86_64 | 3.0 | 32.00 | 198.00 | 230.00 | NOTE | |
r-oldrel-macos-arm64 | 3.0 | 114.00 | NOTE | |||
r-oldrel-macos-x86_64 | 3.0 | 158.00 | NOTE | |||
r-oldrel-windows-x86_64 | 3.0 | 32.00 | 194.00 | 226.00 | OK |
Version: 3.0
Check: Rd files
Result: NOTE
checkRd: (-1) luzdat.Rd:21: Escaped LaTeX specials: \~
Flavors: r-devel-linux-x86_64-debian-clang, r-devel-linux-x86_64-debian-gcc, r-devel-linux-x86_64-fedora-clang, r-devel-linux-x86_64-fedora-gcc, r-devel-windows-x86_64, r-patched-linux-x86_64, r-release-linux-x86_64, r-release-macos-arm64, r-release-macos-x86_64, r-release-windows-x86_64
Version: 3.0
Check: dependencies in R code
Result: NOTE
Namespace in Imports field not imported from: ‘Matrix’
All declared Imports should be used.
Flavors: r-devel-linux-x86_64-fedora-clang, r-devel-linux-x86_64-fedora-gcc, r-oldrel-macos-arm64, r-oldrel-macos-x86_64