CRAN Package Check Results for Package growthcleanr

Last updated on 2023-04-01 10:50:03 CEST.

Flavor Version Tinstall Tcheck Ttotal Status Flags
r-devel-linux-x86_64-debian-clang 2.1.1 16.68 408.61 425.29 OK
r-devel-linux-x86_64-debian-gcc 2.1.1 11.28 269.68 280.96 OK
r-devel-linux-x86_64-fedora-clang 2.1.1 499.12 OK
r-devel-linux-x86_64-fedora-gcc 2.1.1 461.83 OK
r-devel-windows-x86_64 2.1.1 64.00 0.00 64.00 FAIL
r-patched-linux-x86_64 2.1.1 11.73 347.30 359.03 OK
r-release-linux-x86_64 2.1.1 9.54 351.13 360.67 OK
r-release-macos-arm64 2.1.1 82.00 OK
r-release-macos-x86_64 2.1.1 139.00 OK
r-release-windows-x86_64 2.1.1 35.00 0.00 35.00 FAIL
r-oldrel-macos-arm64 2.1.1 75.00 OK
r-oldrel-macos-x86_64 2.1.1 139.00 OK
r-oldrel-windows-ix86+x86_64 2.1.1 29.00 421.00 450.00 OK

Check Details

Version: 2.1.1
Check: tests
Result: FAIL
    Check process probably crashed or hung up for 20 minutes ... killed
    Most likely this happened in the example checks (?),
    if not, ignore the following last lines of example output:
    > cleanEx()
    > nameEx("splitinput")
    > ### * splitinput
    >
    > flush(stderr()); flush(stdout())
    >
    > ### Name: splitinput
    > ### Title: Split input data into multiple files
    > ### Aliases: splitinput
    >
    > ### ** Examples
    >
    >
    >
    >
    > ### * <FOOTER>
    > ###
    > cleanEx()
    > options(digits = 7L)
    > base::cat("Time elapsed: ", proc.time() - base::get("ptime", pos = 'CheckExEnv'),"\n")
    Time elapsed: 144.33 412.83 579.14 NA NA
    > grDevices::dev.off()
    null device
     1
    > ###
    > ### Local variables: ***
    > ### mode: outline-minor ***
    > ### outline-regexp: "\\(> \\)?### [*]+" ***
    > ### End: ***
    > quit('no')
    ======== End of example output (where/before crash/hang up occured ?) ========
Flavor: r-devel-windows-x86_64

Version: 2.1.1
Check: tests
Result: FAIL
    Check process probably crashed or hung up for 20 minutes ... killed
    Most likely this happened in the example checks (?),
    if not, ignore the following last lines of example output:
    > cleanEx()
    > nameEx("splitinput")
    > ### * splitinput
    >
    > flush(stderr()); flush(stdout())
    >
    > ### Name: splitinput
    > ### Title: Split input data into multiple files
    > ### Aliases: splitinput
    >
    > ### ** Examples
    >
    >
    >
    >
    > ### * <FOOTER>
    > ###
    > cleanEx()
    > options(digits = 7L)
    > base::cat("Time elapsed: ", proc.time() - base::get("ptime", pos = 'CheckExEnv'),"\n")
    Time elapsed: 142.37 345.47 510.19 NA NA
    > grDevices::dev.off()
    null device
     1
    > ###
    > ### Local variables: ***
    > ### mode: outline-minor ***
    > ### outline-regexp: "\\(> \\)?### [*]+" ***
    > ### End: ***
    > quit('no')
    ======== End of example output (where/before crash/hang up occured ?) ========
Flavor: r-release-windows-x86_64