Last updated on 2023-03-23 10:54:32 CET.
Flavor | Version | Tinstall | Tcheck | Ttotal | Status | Flags |
---|---|---|---|---|---|---|
r-devel-linux-x86_64-debian-clang | 0.2.20 | 3.92 | 36.13 | 40.05 | NOTE | |
r-devel-linux-x86_64-debian-gcc | 0.2.20 | 2.59 | 28.68 | 31.27 | NOTE | |
r-devel-linux-x86_64-fedora-clang | 0.2.20 | 51.10 | NOTE | |||
r-devel-linux-x86_64-fedora-gcc | 0.2.20 | 60.37 | NOTE | |||
r-patched-linux-x86_64 | 0.2.20 | 3.84 | 35.93 | 39.77 | NOTE | |
r-release-linux-x86_64 | 0.2.20 | 3.44 | 36.35 | 39.79 | NOTE | |
r-release-macos-arm64 | 0.2.20 | 23.00 | NOTE | |||
r-release-macos-x86_64 | 0.2.20 | 42.00 | NOTE | |||
r-release-windows-x86_64 | 0.2.20 | 20.00 | 72.00 | 92.00 | NOTE | |
r-oldrel-macos-arm64 | 0.2.20 | 27.00 | NOTE | |||
r-oldrel-macos-x86_64 | 0.2.20 | 33.00 | NOTE | |||
r-oldrel-windows-ix86+x86_64 | 0.2.20 | 9.00 | 63.00 | 72.00 | NOTE |
Version: 0.2.20
Check: LazyData
Result: NOTE
'LazyData' is specified without a 'data' directory
Flavors: r-devel-linux-x86_64-debian-clang, r-devel-linux-x86_64-debian-gcc, r-devel-linux-x86_64-fedora-clang, r-devel-linux-x86_64-fedora-gcc, r-patched-linux-x86_64, r-release-linux-x86_64, r-release-macos-arm64, r-release-macos-x86_64, r-release-windows-x86_64, r-oldrel-macos-arm64, r-oldrel-macos-x86_64, r-oldrel-windows-ix86+x86_64
Version: 0.2.20
Check: dependencies in R code
Result: NOTE
Namespace in Imports field not imported from: ‘usethis’
All declared Imports should be used.
Flavors: r-devel-linux-x86_64-fedora-clang, r-devel-linux-x86_64-fedora-gcc, r-release-macos-arm64, r-release-macos-x86_64, r-oldrel-macos-arm64, r-oldrel-macos-x86_64