Last updated on 2023-03-31 10:51:20 CEST.
Flavor | Version | Tinstall | Tcheck | Ttotal | Status | Flags |
---|---|---|---|---|---|---|
r-devel-linux-x86_64-debian-clang | 1.1.0 | 111.90 | 76.41 | 188.31 | OK | |
r-devel-linux-x86_64-debian-gcc | 1.1.0 | 81.89 | 56.60 | 138.49 | OK | |
r-devel-linux-x86_64-fedora-clang | 1.1.0 | 277.57 | OK | |||
r-devel-linux-x86_64-fedora-gcc | 1.1.0 | 252.08 | OK | |||
r-devel-windows-x86_64 | 1.1.0 | 94.00 | 0.00 | 94.00 | OK | |
r-patched-linux-x86_64 | 1.1.0 | 80.38 | 71.92 | 152.30 | OK | |
r-release-linux-x86_64 | 1.1.0 | 84.71 | 75.84 | 160.55 | OK | |
r-release-macos-arm64 | 1.1.0 | 60.00 | OK | |||
r-release-macos-x86_64 | 1.1.0 | 83.00 | OK | |||
r-release-windows-x86_64 | 1.1.0 | 100.00 | 134.00 | 234.00 | OK | |
r-oldrel-macos-arm64 | 1.1.0 | 54.00 | OK | |||
r-oldrel-macos-x86_64 | 1.1.0 | 83.00 | OK | |||
r-oldrel-windows-ix86+x86_64 | 1.1.0 | 120.00 | 19.00 | 139.00 | ERROR |
Version: 1.1.0
Check: whether package can be installed
Result: ERROR
Installation failed.
Flavor: r-oldrel-windows-ix86+x86_64