CRAN Package Check Results for Package grapherator

Last updated on 2023-03-25 09:51:27 CET.

Flavor Version Tinstall Tcheck Ttotal Status Flags
r-devel-linux-x86_64-debian-clang 1.0.0 12.16 136.12 148.28 NOTE
r-devel-linux-x86_64-debian-gcc 1.0.0 10.18 101.27 111.45 NOTE
r-devel-linux-x86_64-fedora-clang 1.0.0 184.94 NOTE
r-devel-linux-x86_64-fedora-gcc 1.0.0 188.49 NOTE
r-patched-linux-x86_64 1.0.0 8.91 124.04 132.95 NOTE
r-release-linux-x86_64 1.0.0 8.78 127.09 135.87 NOTE
r-release-macos-arm64 1.0.0 49.00 NOTE
r-release-macos-x86_64 1.0.0 92.00 NOTE
r-release-windows-x86_64 1.0.0 32.00 167.00 199.00 NOTE
r-oldrel-macos-arm64 1.0.0 65.00 NOTE
r-oldrel-macos-x86_64 1.0.0 92.00 NOTE
r-oldrel-windows-ix86+x86_64 1.0.0 30.00 154.00 184.00 NOTE

Check Details

Version: 1.0.0
Check: LazyData
Result: NOTE
     'LazyData' is specified without a 'data' directory
Flavors: r-devel-linux-x86_64-debian-clang, r-devel-linux-x86_64-debian-gcc, r-devel-linux-x86_64-fedora-clang, r-devel-linux-x86_64-fedora-gcc, r-patched-linux-x86_64, r-release-linux-x86_64, r-release-macos-arm64, r-release-macos-x86_64, r-release-windows-x86_64, r-oldrel-macos-arm64, r-oldrel-macos-x86_64, r-oldrel-windows-ix86+x86_64

Version: 1.0.0
Check: dependencies in R code
Result: NOTE
    Namespace in Imports field not imported from: ‘reshape2’
     All declared Imports should be used.
Flavors: r-devel-linux-x86_64-fedora-clang, r-devel-linux-x86_64-fedora-gcc, r-release-macos-arm64, r-release-macos-x86_64, r-oldrel-macos-arm64, r-oldrel-macos-x86_64