CRAN Package Check Results for Package gppm

Last updated on 2022-12-02 10:51:28 CET.

Flavor Version Tinstall Tcheck Ttotal Status Flags
r-devel-linux-x86_64-debian-clang 0.2.0 10.83 280.78 291.61 OK
r-devel-linux-x86_64-debian-gcc 0.2.0 8.91 220.72 229.63 OK
r-devel-linux-x86_64-fedora-clang 0.2.0 336.41 OK
r-devel-linux-x86_64-fedora-gcc 0.2.0 369.86 OK
r-devel-windows-x86_64 0.2.0 36.00 243.00 279.00 ERROR
r-patched-linux-x86_64 0.2.0 9.86 264.04 273.90 OK
r-release-linux-x86_64 0.2.0 7.10 266.25 273.35 OK
r-release-macos-arm64 0.2.0 83.00 OK
r-release-macos-x86_64 0.2.0 193.00 OK
r-release-windows-x86_64 0.2.0 34.00 244.00 278.00 ERROR
r-oldrel-macos-arm64 0.2.0 87.00 OK
r-oldrel-macos-x86_64 0.2.0 172.00 OK
r-oldrel-windows-ix86+x86_64 0.2.0 34.00 204.00 238.00 ERROR

Check Details

Version: 0.2.0
Check: tests
Result: ERROR
     Running 'testthat.R' [114s]
    Running the tests in 'tests/testthat.R' failed.
    Complete output:
     > Sys.setenv("R_TESTS" = "")
     > library(testthat)
     > library(gppm)
     Loading required package: Rcpp
     >
     > test_check("gppm")
     make cmd is
     make -f "D:/RCompile/recent/R/etc/x64/Makeconf" -f "D:/RCompile/recent/R/share/make/winshlib.mk" CXX='$(CXX14) $(CXX14STD)' CXXFLAGS='$(CXX14FLAGS)' CXXPICFLAGS='$(CXX14PICFLAGS)' SHLIB_LDFLAGS='$(SHLIB_CXX14LDFLAGS)' SHLIB_LD='$(SHLIB_CXX14LD)' SHLIB="file2405418271de5.dll" WIN=64 TCLBIN= OBJECTS="file2405418271de5.o"
    
     make would use
     make[1]: Entering directory '/d/temp/RtmpYB2Ep6'
     if test "zfile2405418271de5.o" != "z"; then \
     if test -e "file2405418271de5-win.def"; then \
     echo g++ -shared -s -static-libgcc -o file2405418271de5.dll file2405418271de5-win.def file2405418271de5.o -L"d:/rtools42/x86_64-w64-mingw32.static.posix/lib/x64" -L"d:/rtools42/x86_64-w64-mingw32.static.posix/lib" -L"D:/RCompile/recent/R/bin/x64" -lR ; \
     g++ -shared -s -static-libgcc -o file2405418271de5.dll file2405418271de5-win.def file2405418271de5.o -L"d:/rtools42/x86_64-w64-mingw32.static.posix/lib/x64" -L"d:/rtools42/x86_64-w64-mingw32.static.posix/lib" -L"D:/RCompile/recent/R/bin/x64" -lR ; \
     else \
     echo EXPORTS > tmp.def; \
     nm file2405418271de5.o | sed -n 's/^.* [BCDRT] / /p' | sed -e '/[.]refptr[.]/d' -e '/[.]weak[.]/d' | sed 's/[^ ][^ ]*/"&"/g' >> tmp.def; \
     echo g++ -shared -s -static-libgcc -o file2405418271de5.dll tmp.def file2405418271de5.o -L"d:/rtools42/x86_64-w64-mingw32.static.posix/lib/x64" -L"d:/rtools42/x86_64-w64-mingw32.static.posix/lib" -L"D:/RCompile/recent/R/bin/x64" -lR ; \
     g++ -shared -s -static-libgcc -o file2405418271de5.dll tmp.def file2405418271de5.o -L"d:/rtools42/x86_64-w64-mingw32.static.posix/lib/x64" -L"d:/rtools42/x86_64-w64-mingw32.static.posix/lib" -L"D:/RCompile/recent/R/bin/x64" -lR ; \
     rm -f tmp.def; \
     fi \
     fi
     make[1]: Leaving directory '/d/temp/RtmpYB2Ep6'
     Error in compileCode(f, code, language = language, verbose = verbose) :
     D:\rtools42\x86_64-w64-mingw32.static.posix\bin/ld.exe: file2405418271de5.o:file2405418271de5.cpp:(.text$_ZN3tbb8internal26task_scheduler_observer_v3D0Ev[_ZN3tbb8internal26task_scheduler_observer_v3D0Ev]+0x1d): undefined reference to `tbb::internal::task_scheduler_observer_v3::observe(bool)'D:\rtools42\x86_64-w64-mingw32.static.posix\bin/ld.exe: file2405418271de5.o:file2405418271de5.cpp:(.text$_ZN3tbb10interface623task_scheduler_observerD1Ev[_ZN3tbb10interface623task_scheduler_observerD1Ev]+0x1d): undefined reference to `tbb::internal::task_scheduler_observer_v3::observe(bool)'D:\rtools42\x86_64-w64-mingw32.static.posix\bin/ld.exe: file2405418271de5.o:file2405418271de5.cpp:(.text$_ZN3tbb10interface623task_scheduler_observerD1Ev[_ZN3tbb10interface623task_scheduler_observerD1Ev]+0x3a): undefined reference to `tbb::internal::task_scheduler_observer_v3::observe(bool)'D:\rtools42\x86_64-w64-mingw32.static.posix\bin/ld.exe: file2405418271de5.o:file2405418271de5.cpp:(.text$_ZN3tbb10i
     Calls: test_check ... <Anonymous> -> <Anonymous> -> force -> cxxfunction -> compileCode
     Error in sink(type = "output") : invalid connection
     Calls: test_check ... withVisible -> <Anonymous> -> cxxfunctionplus -> sink
     Execution halted
Flavor: r-devel-windows-x86_64

Version: 0.2.0
Check: tests
Result: ERROR
     Running 'testthat.R' [119s]
    Running the tests in 'tests/testthat.R' failed.
    Complete output:
     > Sys.setenv("R_TESTS" = "")
     > library(testthat)
     > library(gppm)
     Loading required package: Rcpp
     >
     > test_check("gppm")
     make cmd is
     make -f "D:/RCompile/recent/R-4.2.2/etc/x64/Makeconf" -f "D:/RCompile/recent/R-4.2.2/share/make/winshlib.mk" CXX='$(CXX14) $(CXX14STD)' CXXFLAGS='$(CXX14FLAGS)' CXXPICFLAGS='$(CXX14PICFLAGS)' SHLIB_LDFLAGS='$(SHLIB_CXX14LDFLAGS)' SHLIB_LD='$(SHLIB_CXX14LD)' SHLIB="file1a5702d6e97a.dll" WIN=64 TCLBIN= OBJECTS="file1a5702d6e97a.o"
    
     make would use
     make[1]: Entering directory '/d/temp/RtmpGkTEU2'
     if test "zfile1a5702d6e97a.o" != "z"; then \
     if test -e "file1a5702d6e97a-win.def"; then \
     echo g++ -shared -s -static-libgcc -o file1a5702d6e97a.dll file1a5702d6e97a-win.def file1a5702d6e97a.o -L"d:/rtools42/x86_64-w64-mingw32.static.posix/lib/x64" -L"d:/rtools42/x86_64-w64-mingw32.static.posix/lib" -L"D:/RCompile/recent/R-4.2.2/bin/x64" -lR ; \
     g++ -shared -s -static-libgcc -o file1a5702d6e97a.dll file1a5702d6e97a-win.def file1a5702d6e97a.o -L"d:/rtools42/x86_64-w64-mingw32.static.posix/lib/x64" -L"d:/rtools42/x86_64-w64-mingw32.static.posix/lib" -L"D:/RCompile/recent/R-4.2.2/bin/x64" -lR ; \
     else \
     echo EXPORTS > tmp.def; \
     nm file1a5702d6e97a.o | sed -n 's/^.* [BCDRT] / /p' | sed -e '/[.]refptr[.]/d' -e '/[.]weak[.]/d' | sed 's/[^ ][^ ]*/"&"/g' >> tmp.def; \
     echo g++ -shared -s -static-libgcc -o file1a5702d6e97a.dll tmp.def file1a5702d6e97a.o -L"d:/rtools42/x86_64-w64-mingw32.static.posix/lib/x64" -L"d:/rtools42/x86_64-w64-mingw32.static.posix/lib" -L"D:/RCompile/recent/R-4.2.2/bin/x64" -lR ; \
     g++ -shared -s -static-libgcc -o file1a5702d6e97a.dll tmp.def file1a5702d6e97a.o -L"d:/rtools42/x86_64-w64-mingw32.static.posix/lib/x64" -L"d:/rtools42/x86_64-w64-mingw32.static.posix/lib" -L"D:/RCompile/recent/R-4.2.2/bin/x64" -lR ; \
     rm -f tmp.def; \
     fi \
     fi
     make[1]: Leaving directory '/d/temp/RtmpGkTEU2'
     Error in compileCode(f, code, language = language, verbose = verbose) :
     D:\rtools42\x86_64-w64-mingw32.static.posix\bin/ld.exe: file1a5702d6e97a.o:file1a5702d6e97a.cpp:(.text$_ZN3tbb8internal26task_scheduler_observer_v3D0Ev[_ZN3tbb8internal26task_scheduler_observer_v3D0Ev]+0x1d): undefined reference to `tbb::internal::task_scheduler_observer_v3::observe(bool)'D:\rtools42\x86_64-w64-mingw32.static.posix\bin/ld.exe: file1a5702d6e97a.o:file1a5702d6e97a.cpp:(.text$_ZN3tbb10interface623task_scheduler_observerD1Ev[_ZN3tbb10interface623task_scheduler_observerD1Ev]+0x1d): undefined reference to `tbb::internal::task_scheduler_observer_v3::observe(bool)'D:\rtools42\x86_64-w64-mingw32.static.posix\bin/ld.exe: file1a5702d6e97a.o:file1a5702d6e97a.cpp:(.text$_ZN3tbb10interface623task_scheduler_observerD1Ev[_ZN3tbb10interface623task_scheduler_observerD1Ev]+0x3a): undefined reference to `tbb::internal::task_scheduler_observer_v3::observe(bool)'D:\rtools42\x86_64-w64-mingw32.static.posix\bin/ld.exe: file1a5702d6e97a.o:file1a5702d6e97a.cpp:(.text$_ZN3tbb10interface
     Calls: test_check ... <Anonymous> -> <Anonymous> -> force -> cxxfunction -> compileCode
     Error in sink(type = "output") : invalid connection
     Calls: test_check ... withVisible -> <Anonymous> -> cxxfunctionplus -> sink
     Execution halted
Flavor: r-release-windows-x86_64

Version: 0.2.0
Check: tests
Result: ERROR
     Running 'testthat.R' [88s]
    Running the tests in 'tests/testthat.R' failed.
    Complete output:
     > Sys.setenv("R_TESTS" = "")
     > library(testthat)
     > library(gppm)
     Loading required package: Rcpp
     >
     > test_check("gppm")
     make cmd is
     make -f "D:/RCompile/recent/R-41~1.3/etc/x64/Makeconf" -f "D:/RCompile/recent/R-41~1.3/etc/x64/Makevars.site" -f "D:/RCompile/recent/R-41~1.3/share/make/winshlib.mk" CXX='$(CXX14) $(CXX14STD)' CXXFLAGS='$(CXX14FLAGS)' CXXPICFLAGS='$(CXX14PICFLAGS)' SHLIB_LDFLAGS='$(SHLIB_CXX14LDFLAGS)' SHLIB_LD='$(SHLIB_CXX14LD)' SHLIB="file909c4522311b.dll" WIN=64 TCLBIN=64 OBJECTS="file909c4522311b.o"
    
     make would use
     make[1]: Entering directory '/d/temp/Rtmpw5Uu89'
     if test "zfile909c4522311b.o" != "z"; then \
     if test -e "file909c4522311b-win.def"; then \
     echo d:/Compiler/rtools40/mingw64/bin/g++ -shared -s -static-libgcc -o file909c4522311b.dll file909c4522311b-win.def file909c4522311b.o -L"d:/Compiler/gcc-4.9.3/local330/lib/x64" -L"d:/Compiler/gcc-4.9.3/local330/lib" -L"D:/RCompile/recent/R-41~1.3/bin/x64" -lR ; \
     d:/Compiler/rtools40/mingw64/bin/g++ -shared -s -static-libgcc -o file909c4522311b.dll file909c4522311b-win.def file909c4522311b.o -L"d:/Compiler/gcc-4.9.3/local330/lib/x64" -L"d:/Compiler/gcc-4.9.3/local330/lib" -L"D:/RCompile/recent/R-41~1.3/bin/x64" -lR ; \
     else \
     echo EXPORTS > tmp.def; \
     d:/Compiler/rtools40/mingw64/bin/nm file909c4522311b.o | sed -n 's/^.* [BCDRT] / /p' | sed -e '/[.]refptr[.]/d' -e '/[.]weak[.]/d' | sed 's/[^ ][^ ]*/"&"/g' >> tmp.def; \
     echo d:/Compiler/rtools40/mingw64/bin/g++ -shared -s -static-libgcc -o file909c4522311b.dll tmp.def file909c4522311b.o -L"d:/Compiler/gcc-4.9.3/local330/lib/x64" -L"d:/Compiler/gcc-4.9.3/local330/lib" -L"D:/RCompile/recent/R-41~1.3/bin/x64" -lR ; \
     d:/Compiler/rtools40/mingw64/bin/g++ -shared -s -static-libgcc -o file909c4522311b.dll tmp.def file909c4522311b.o -L"d:/Compiler/gcc-4.9.3/local330/lib/x64" -L"d:/Compiler/gcc-4.9.3/local330/lib" -L"D:/RCompile/recent/R-41~1.3/bin/x64" -lR ; \
     rm -f tmp.def; \
     fi \
     fi
     make[1]: Leaving directory '/d/temp/Rtmpw5Uu89'
     Error in compileCode(f, code, language = language, verbose = verbose) :
     D:/Compiler/rtools40/mingw64/bin/../lib/gcc/x86_64-w64-mingw32/8.3.0/../../../../x86_64-w64-mingw32/bin/ld.exe: file909c4522311b.o:file909c4522311b.cpp:(.text$_ZN3tbb8internal26task_scheduler_observer_v3D1Ev[_ZN3tbb8internal26task_scheduler_observer_v3D1Ev]+0x14): undefined reference to `tbb::internal::task_scheduler_observer_v3::observe(bool)'D:/Compiler/rtools40/mingw64/bin/../lib/gcc/x86_64-w64-mingw32/8.3.0/../../../../x86_64-w64-mingw32/bin/ld.exe: file909c4522311b.o:file909c4522311b.cpp:(.text$_ZN3tbb8internal26task_scheduler_observer_v3D0Ev[_ZN3tbb8internal26task_scheduler_observer_v3D0Ev]+0x1c): undefined reference to `tbb::internal::task_scheduler_observer_v3::observe(bool)'D:/Compiler/rtools40/mingw64/bin/../lib/gcc/x86_64-w64-mingw32/8.3.0/../../../../x86_64-w64-mingw32/bin/ld.exe: file909c4522311b.o:file909c4522311b.cpp:(.text$_ZN3tbb10interface623task_scheduler_observerD0Ev[_ZN3tbb10interface623task_scheduler_observerD0Ev]+0x1c): undefined reference to `tbb::inter
     Calls: test_check ... <Anonymous> -> <Anonymous> -> force -> cxxfunction -> compileCode
     Error in sink(type = "output") : invalid connection
     Calls: test_check ... withVisible -> <Anonymous> -> cxxfunctionplus -> sink
     Execution halted
Flavor: r-oldrel-windows-ix86+x86_64