CRAN Package Check Results for Package gmGeostats

Last updated on 2022-01-20 10:52:29 CET.

Flavor Version Tinstall Tcheck Ttotal Status Flags
r-devel-linux-x86_64-debian-clang 0.11.0 OK
r-devel-linux-x86_64-debian-gcc 0.11.0 20.78 116.30 137.08 OK
r-devel-linux-x86_64-fedora-clang 0.11.0 216.61 NOTE
r-devel-linux-x86_64-fedora-gcc 0.11.0 196.86 NOTE
r-devel-windows-x86_64-new-UL 0.11.0 298.00 185.00 483.00 OK
r-devel-windows-x86_64-new-TK 0.11.0 NOTE
r-patched-linux-x86_64 0.11.0 27.09 153.93 181.02 OK
r-release-linux-x86_64 0.11.0 18.61 150.32 168.93 OK
r-release-macos-arm64 0.11.0 NOTE
r-release-macos-x86_64 0.11.0 NOTE
r-release-windows-ix86+x86_64 0.11.0 41.00 228.00 269.00 OK
r-oldrel-macos-x86_64 0.11.0 NOTE
r-oldrel-windows-ix86+x86_64 0.11.0 42.00 230.00 272.00 OK

Check Details

Version: 0.11.0
Check: data for non-ASCII characters
Result: NOTE
     Note: found 2629 marked UTF-8 strings
Flavors: r-devel-linux-x86_64-fedora-clang, r-devel-linux-x86_64-fedora-gcc, r-devel-windows-x86_64-new-TK, r-release-macos-arm64, r-release-macos-x86_64, r-oldrel-macos-x86_64