CRAN Package Check Results for Package gluvarpro

Last updated on 2022-12-08 10:53:21 CET.

Flavor Version Tinstall Tcheck Ttotal Status Flags
r-devel-linux-x86_64-debian-clang 7.0 11.59 93.23 104.82 OK
r-devel-linux-x86_64-debian-gcc 7.0 9.45 79.64 89.09 OK
r-devel-linux-x86_64-fedora-clang 7.0 136.38 OK
r-devel-linux-x86_64-fedora-gcc 7.0 130.83 OK
r-devel-windows-x86_64 7.0 28.00 158.00 186.00 OK
r-patched-linux-x86_64 7.0 11.57 87.24 98.81 OK
r-release-linux-x86_64 7.0 8.63 89.14 97.77 OK
r-release-macos-arm64 7.0 33.00 OK
r-release-macos-x86_64 7.0 48.00 ERROR
r-release-windows-x86_64 7.0 29.00 132.00 161.00 OK
r-oldrel-macos-arm64 7.0 40.00 OK
r-oldrel-macos-x86_64 7.0 53.00 ERROR
r-oldrel-windows-ix86+x86_64 7.0 23.00 117.00 140.00 OK

Check Details

Version: 7.0
Check: examples
Result: ERROR
    Running examples in ‘gluvarpro-Ex.R’ failed
    The error most likely occurred in:
    
    > ### Name: preprocessgvp
    > ### Title: preprocessing raw data from continuous glucose monitoring
    > ### Aliases: preprocessgvp
    >
    > ### ** Examples
    >
    > data("datagvp4")
    > preprocessgvp(datagvp4)
    Error in preprocessgvp(datagvp4) :
     Variable date and time must have yyyy/mm/dd and hh:mm:ss format.
    Execution halted
Flavors: r-release-macos-x86_64, r-oldrel-macos-x86_64