CRAN Package Check Results for Package gitcreds

Last updated on 2022-08-13 10:50:30 CEST.

Flavor Version Tinstall Tcheck Ttotal Status Flags
r-devel-linux-x86_64-debian-clang 0.1.1 2.45 31.42 33.87 NOTE
r-devel-linux-x86_64-debian-gcc 0.1.1 2.07 23.88 25.95 NOTE
r-devel-linux-x86_64-fedora-clang 0.1.1 51.44 NOTE
r-devel-linux-x86_64-fedora-gcc 0.1.1 50.38 NOTE
r-devel-windows-x86_64 0.1.1 11.00 60.00 71.00 NOTE
r-patched-linux-x86_64 0.1.1 2.89 29.66 32.55 NOTE
r-release-linux-x86_64 0.1.1 2.42 30.01 32.43 NOTE
r-release-macos-arm64 0.1.1 21.00 NOTE
r-release-macos-x86_64 0.1.1 27.00 NOTE
r-release-windows-x86_64 0.1.1 19.00 59.00 78.00 NOTE
r-oldrel-macos-arm64 0.1.1 24.00 NOTE
r-oldrel-macos-x86_64 0.1.1 32.00 NOTE
r-oldrel-windows-ix86+x86_64 0.1.1 7.00 52.00 59.00 NOTE

Check Details

Version: 0.1.1
Check: LazyData
Result: NOTE
     'LazyData' is specified without a 'data' directory
Flavors: r-devel-linux-x86_64-debian-clang, r-devel-linux-x86_64-debian-gcc, r-devel-linux-x86_64-fedora-clang, r-devel-linux-x86_64-fedora-gcc, r-devel-windows-x86_64, r-patched-linux-x86_64, r-release-linux-x86_64, r-release-macos-arm64, r-release-macos-x86_64, r-release-windows-x86_64, r-oldrel-macos-arm64, r-oldrel-macos-x86_64, r-oldrel-windows-ix86+x86_64

Version: 0.1.1
Check: HTML version of manual
Result: NOTE
    Found the following HTML validation problems:
    gitcreds_get.html:129:26: Warning: inserting implicit <p>
    gitcreds_get.html:129:26: Warning: trimming empty <p>
Flavors: r-devel-linux-x86_64-debian-clang, r-devel-linux-x86_64-debian-gcc