Last updated on 2023-10-03 11:11:21 CEST.
Flavor | Version | Tinstall | Tcheck | Ttotal | Status | Flags |
---|---|---|---|---|---|---|
r-devel-linux-x86_64-debian-clang | 1.12.0-2 | 234.43 | 21.52 | 255.95 | OK | |
r-devel-linux-x86_64-debian-gcc | 1.12.0-2 | 172.16 | 16.82 | 188.98 | OK | |
r-devel-linux-x86_64-fedora-clang | 1.12.0-2 | 327.34 | OK | |||
r-devel-linux-x86_64-fedora-gcc | 1.12.0-2 | 349.58 | OK | |||
r-devel-windows-x86_64 | 1.12.0-2 | 89.00 | 75.00 | 164.00 | OK | |
r-patched-linux-x86_64 | 1.12.0-2 | 236.28 | 21.67 | 257.95 | OK | |
r-release-linux-x86_64 | 1.12.0-2 | 230.48 | 21.26 | 251.74 | OK | |
r-release-macos-arm64 | 1.12.0-2 | 65.00 | NOTE | |||
r-release-macos-x86_64 | 1.12.0-2 | 81.00 | NOTE | |||
r-release-windows-x86_64 | 1.12.0-2 | 97.00 | 86.00 | 183.00 | OK | |
r-oldrel-macos-arm64 | 1.12.0-2 | 82.00 | NOTE | |||
r-oldrel-macos-x86_64 | 1.12.0-2 | 111.00 | NOTE | |||
r-oldrel-windows-x86_64 | 1.12.0-2 | 115.00 | 80.00 | 195.00 | OK |
Version: 1.12.0-2
Check: installed package size
Result: NOTE
installed size is 8.8Mb
sub-directories of 1Mb or more:
libs 8.7Mb
Flavors: r-release-macos-arm64, r-release-macos-x86_64, r-oldrel-macos-arm64, r-oldrel-macos-x86_64