CRAN Package Check Results for Package gif

Last updated on 2022-12-04 09:55:18 CET.

Flavor Version Tinstall Tcheck Ttotal Status Flags
r-devel-linux-x86_64-debian-clang 0.1.0 44.69 79.77 124.46 OK
r-devel-linux-x86_64-debian-gcc 0.1.0 27.72 60.97 88.69 OK
r-devel-linux-x86_64-fedora-clang 0.1.0 163.59 OK
r-devel-linux-x86_64-fedora-gcc 0.1.0 156.30 OK
r-devel-windows-x86_64 0.1.0 36.00 122.00 158.00 OK
r-patched-linux-x86_64 0.1.0 35.79 74.03 109.82 OK
r-release-linux-x86_64 0.1.0 31.37 76.40 107.77 OK
r-release-macos-arm64 0.1.0 45.00 NOTE
r-release-macos-x86_64 0.1.0 59.00 NOTE
r-release-windows-x86_64 0.1.0 36.00 129.00 165.00 OK
r-oldrel-macos-arm64 0.1.0 50.00 NOTE
r-oldrel-macos-x86_64 0.1.0 85.00 NOTE
r-oldrel-windows-ix86+x86_64 0.1.0 89.00 138.00 227.00 OK

Check Details

Version: 0.1.0
Check: installed package size
Result: NOTE
     installed size is 6.2Mb
     sub-directories of 1Mb or more:
     doc 1.1Mb
     libs 4.8Mb
Flavors: r-release-macos-arm64, r-release-macos-x86_64, r-oldrel-macos-arm64, r-oldrel-macos-x86_64