CRAN Package Check Results for Package ggsci

Last updated on 2022-09-27 10:49:05 CEST.

Flavor Version Tinstall Tcheck Ttotal Status Flags
r-devel-linux-x86_64-debian-clang 2.9 5.49 137.36 142.85 NOTE
r-devel-linux-x86_64-debian-gcc 2.9 5.21 97.47 102.68 NOTE
r-devel-linux-x86_64-fedora-clang 2.9 179.42 NOTE
r-devel-linux-x86_64-fedora-gcc 2.9 177.82 NOTE
r-devel-windows-x86_64 2.9 30.00 181.00 211.00 NOTE
r-patched-linux-x86_64 2.9 6.14 124.65 130.79 NOTE
r-release-linux-x86_64 2.9 5.13 124.66 129.79 NOTE
r-release-macos-arm64 2.9 58.00 NOTE
r-release-macos-x86_64 2.9 74.00 NOTE
r-release-windows-x86_64 2.9 27.00 177.00 204.00 NOTE
r-oldrel-macos-arm64 2.9 89.00 NOTE
r-oldrel-macos-x86_64 2.9 84.00 NOTE
r-oldrel-windows-ix86+x86_64 2.9 16.00 149.00 165.00 NOTE

Check Details

Version: 2.9
Check: LazyData
Result: NOTE
     'LazyData' is specified without a 'data' directory
Flavors: r-devel-linux-x86_64-debian-clang, r-devel-linux-x86_64-debian-gcc, r-devel-linux-x86_64-fedora-clang, r-devel-linux-x86_64-fedora-gcc, r-devel-windows-x86_64, r-patched-linux-x86_64, r-release-linux-x86_64, r-release-macos-arm64, r-release-macos-x86_64, r-release-windows-x86_64, r-oldrel-macos-arm64, r-oldrel-macos-x86_64, r-oldrel-windows-ix86+x86_64