CRAN Package Check Results for Package ggplotify

Last updated on 2022-12-05 09:51:19 CET.

Flavor Version Tinstall Tcheck Ttotal Status Flags
r-devel-linux-x86_64-debian-clang 0.1.0 4.70 63.26 67.96 NOTE
r-devel-linux-x86_64-debian-gcc 0.1.0 4.29 47.51 51.80 NOTE
r-devel-linux-x86_64-fedora-clang 0.1.0 96.61 NOTE
r-devel-linux-x86_64-fedora-gcc 0.1.0 102.23 NOTE
r-devel-windows-x86_64 0.1.0 19.00 91.00 110.00 NOTE
r-patched-linux-x86_64 0.1.0 5.40 59.08 64.48 OK
r-release-linux-x86_64 0.1.0 4.55 62.30 66.85 OK
r-release-macos-arm64 0.1.0 27.00 OK
r-release-macos-x86_64 0.1.0 41.00 OK
r-release-windows-x86_64 0.1.0 16.00 94.00 110.00 OK
r-oldrel-macos-arm64 0.1.0 47.00 OK
r-oldrel-macos-x86_64 0.1.0 37.00 OK
r-oldrel-windows-ix86+x86_64 0.1.0 14.00 90.00 104.00 OK

Check Details

Version: 0.1.0
Check: package subdirectories
Result: NOTE
    Problems with news in 'NEWS.md':
     Cannot extract version info from the following section titles:
     History
Flavors: r-devel-linux-x86_64-debian-clang, r-devel-linux-x86_64-debian-gcc, r-devel-linux-x86_64-fedora-clang, r-devel-linux-x86_64-fedora-gcc, r-devel-windows-x86_64