CRAN Package Check Results for Package ggplot.multistats

Last updated on 2023-03-23 10:54:31 CET.

Flavor Version Tinstall Tcheck Ttotal Status Flags
r-devel-linux-x86_64-debian-clang 1.0.0 4.28 48.70 52.98 NOTE
r-devel-linux-x86_64-debian-gcc 1.0.0 4.19 37.62 41.81 NOTE
r-devel-linux-x86_64-fedora-clang 1.0.0 71.02 NOTE
r-devel-linux-x86_64-fedora-gcc 1.0.0 67.54 NOTE
r-patched-linux-x86_64 1.0.0 8.84 48.95 57.79 NOTE
r-release-linux-x86_64 1.0.0 4.52 48.64 53.16 NOTE
r-release-macos-arm64 1.0.0 23.00 NOTE
r-release-macos-x86_64 1.0.0 41.00 NOTE
r-release-windows-x86_64 1.0.0 26.00 89.00 115.00 NOTE
r-oldrel-macos-arm64 1.0.0 27.00 NOTE
r-oldrel-macos-x86_64 1.0.0 40.00 NOTE
r-oldrel-windows-ix86+x86_64 1.0.0 16.00 75.00 91.00 NOTE

Check Details

Version: 1.0.0
Check: LazyData
Result: NOTE
     'LazyData' is specified without a 'data' directory
Flavors: r-devel-linux-x86_64-debian-clang, r-devel-linux-x86_64-debian-gcc, r-devel-linux-x86_64-fedora-clang, r-devel-linux-x86_64-fedora-gcc, r-patched-linux-x86_64, r-release-linux-x86_64, r-release-macos-arm64, r-release-macos-x86_64, r-release-windows-x86_64, r-oldrel-macos-arm64, r-oldrel-macos-x86_64, r-oldrel-windows-ix86+x86_64