CRAN Package Check Results for Package ggperiodic

Last updated on 2022-01-22 09:54:05 CET.

Flavor Version Tinstall Tcheck Ttotal Status Flags
r-devel-linux-x86_64-debian-clang 1.0.1 5.67 68.82 74.49 NOTE
r-devel-linux-x86_64-debian-gcc 1.0.1 4.29 51.39 55.68 NOTE
r-devel-linux-x86_64-fedora-clang 1.0.1 90.58 NOTE
r-devel-linux-x86_64-fedora-gcc 1.0.1 75.20 NOTE
r-devel-windows-x86_64-new-UL 1.0.1 55.00 93.00 148.00 NOTE
r-devel-windows-x86_64-new-TK 1.0.1 NOTE
r-patched-linux-x86_64 1.0.1 4.14 63.91 68.05 NOTE
r-release-linux-x86_64 1.0.1 4.67 64.58 69.25 NOTE
r-release-macos-arm64 1.0.1 NOTE
r-release-macos-x86_64 1.0.1 NOTE
r-release-windows-ix86+x86_64 1.0.1 14.00 80.00 94.00 NOTE
r-oldrel-macos-x86_64 1.0.1 OK
r-oldrel-windows-ix86+x86_64 1.0.1 14.00 79.00 93.00 OK

Check Details

Version: 1.0.1
Check: LazyData
Result: NOTE
     'LazyData' is specified without a 'data' directory
Flavors: r-devel-linux-x86_64-debian-clang, r-devel-linux-x86_64-debian-gcc, r-devel-linux-x86_64-fedora-clang, r-devel-linux-x86_64-fedora-gcc, r-devel-windows-x86_64-new-UL, r-devel-windows-x86_64-new-TK, r-patched-linux-x86_64, r-release-linux-x86_64, r-release-macos-arm64, r-release-macos-x86_64, r-release-windows-ix86+x86_64