Last updated on 2023-02-01 10:51:49 CET.
Flavor | Version | Tinstall | Tcheck | Ttotal | Status | Flags |
---|---|---|---|---|---|---|
r-devel-linux-x86_64-debian-clang | 0.5.10 | 5.16 | 83.60 | 88.76 | OK | |
r-devel-linux-x86_64-debian-gcc | 0.5.10 | 4.38 | 60.31 | 64.69 | OK | |
r-devel-linux-x86_64-fedora-clang | 0.5.10 | 110.05 | NOTE | |||
r-devel-linux-x86_64-fedora-gcc | 0.5.10 | 121.22 | NOTE | |||
r-devel-windows-x86_64 | 0.5.10 | 19.00 | 123.00 | 142.00 | OK | |
r-patched-linux-x86_64 | 0.5.10 | 9.78 | 80.23 | 90.01 | OK | |
r-release-linux-x86_64 | 0.5.10 | 6.23 | 81.41 | 87.64 | OK | |
r-release-macos-arm64 | 0.5.10 | 38.00 | NOTE | |||
r-release-macos-x86_64 | 0.5.10 | 69.00 | NOTE | |||
r-release-windows-x86_64 | 0.5.10 | 22.00 | 123.00 | 145.00 | OK | |
r-oldrel-macos-arm64 | 0.5.10 | 61.00 | NOTE | |||
r-oldrel-macos-x86_64 | 0.5.10 | 44.00 | NOTE | |||
r-oldrel-windows-ix86+x86_64 | 0.5.10 | 14.00 | 105.00 | 119.00 | OK |
Version: 0.5.10
Check: dependencies in R code
Result: NOTE
Namespaces in Imports field not imported from:
‘sna’ ‘utils’
All declared Imports should be used.
Flavors: r-devel-linux-x86_64-fedora-clang, r-devel-linux-x86_64-fedora-gcc, r-release-macos-arm64, r-release-macos-x86_64, r-oldrel-macos-arm64, r-oldrel-macos-x86_64