CRAN Package Check Results for Package ggmap

Last updated on 2021-12-02 10:51:43 CET.

Flavor Version Tinstall Tcheck Ttotal Status Flags
r-devel-linux-x86_64-debian-clang 3.0.0 13.18 85.39 98.57 OK
r-devel-linux-x86_64-debian-gcc 3.0.0 10.00 63.72 73.72 OK
r-devel-linux-x86_64-fedora-clang 3.0.0 128.39 OK
r-devel-linux-x86_64-fedora-gcc 3.0.0 113.50 OK
r-devel-windows-x86_64-new-UL 3.0.0 30.00 135.00 165.00 OK
r-devel-windows-x86_64-new-TK 3.0.0 OK
r-devel-windows-x86_64-old 3.0.0 19.00 83.00 102.00 OK
r-patched-linux-x86_64 3.0.0 17.89 78.22 96.11 OK
r-patched-solaris-x86 3.0.0 166.00 NOTE
r-release-linux-x86_64 3.0.0 13.21 78.45 91.66 OK
r-release-macos-arm64 3.0.0 OK
r-release-macos-x86_64 3.0.0 OK
r-release-windows-ix86+x86_64 3.0.0 27.00 106.00 133.00 OK
r-oldrel-macos-x86_64 3.0.0 OK
r-oldrel-windows-ix86+x86_64 3.0.0 27.00 107.00 134.00 OK

Check Details

Version: 3.0.0
Check: installed package size
Result: NOTE
     installed size is 5.1Mb
     sub-directories of 1Mb or more:
     data 4.5Mb
Flavor: r-patched-solaris-x86