CRAN Package Check Results for Package gfilmm

Last updated on 2022-12-02 10:51:27 CET.

Flavor Version Tinstall Tcheck Ttotal Status Flags
r-devel-linux-x86_64-debian-clang 2.0.5 117.02 250.42 367.44 OK
r-devel-linux-x86_64-debian-gcc 2.0.5 86.53 180.38 266.91 OK
r-devel-linux-x86_64-fedora-clang 2.0.5 442.35 OK
r-devel-linux-x86_64-fedora-gcc 2.0.5 440.10 OK
r-devel-windows-x86_64 2.0.5 73.00 291.00 364.00 OK
r-patched-linux-x86_64 2.0.5 99.33 225.58 324.91 OK
r-release-linux-x86_64 2.0.5 86.19 228.83 315.02 OK
r-release-macos-arm64 2.0.5 149.00 NOTE
r-release-macos-x86_64 2.0.5 190.00 NOTE
r-release-windows-x86_64 2.0.5 82.00 298.00 380.00 OK
r-oldrel-macos-arm64 2.0.5 145.00 NOTE
r-oldrel-macos-x86_64 2.0.5 190.00 NOTE
r-oldrel-windows-ix86+x86_64 2.0.5 88.00 18.00 106.00 ERROR

Check Details

Version: 2.0.5
Check: installed package size
Result: NOTE
     installed size is 35.0Mb
     sub-directories of 1Mb or more:
     libs 34.4Mb
Flavors: r-release-macos-arm64, r-release-macos-x86_64, r-oldrel-macos-arm64, r-oldrel-macos-x86_64

Version: 2.0.5
Check: whether package can be installed
Result: ERROR
    Installation failed.
Flavor: r-oldrel-windows-ix86+x86_64