CRAN Package Check Results for Package gexp

Last updated on 2022-11-27 09:53:29 CET.

Flavor Version Tinstall Tcheck Ttotal Status Flags
r-devel-linux-x86_64-debian-clang 1.0-1 5.62 44.46 50.08 NOTE
r-devel-linux-x86_64-debian-gcc 1.0-1 4.17 34.95 39.12 NOTE
r-devel-linux-x86_64-fedora-clang 1.0-1 74.29 NOTE
r-devel-linux-x86_64-fedora-gcc 1.0-1 72.42 NOTE
r-devel-windows-x86_64 1.0-1 19.00 74.00 93.00 NOTE
r-patched-linux-x86_64 1.0-1 6.55 46.97 53.52 OK
r-release-linux-x86_64 1.0-1 6.28 46.87 53.15 OK
r-release-macos-arm64 1.0-1 35.00 OK
r-release-macos-x86_64 1.0-1 44.00 OK
r-release-windows-x86_64 1.0-1 18.00 76.00 94.00 OK
r-oldrel-macos-arm64 1.0-1 49.00 OK
r-oldrel-macos-x86_64 1.0-1 60.00 OK
r-oldrel-windows-ix86+x86_64 1.0-1 10.00 68.00 78.00 OK

Check Details

Version: 1.0-1
Check: Rd files
Result: NOTE
    checkRd: (-1) gexp.Rd:123: Escaped LaTeX specials: \&
Flavors: r-devel-linux-x86_64-debian-clang, r-devel-linux-x86_64-debian-gcc, r-devel-linux-x86_64-fedora-clang, r-devel-linux-x86_64-fedora-gcc, r-devel-windows-x86_64