CRAN Package Check Results for Package getLattes

Last updated on 2022-12-03 10:51:20 CET.

Flavor Version Tinstall Tcheck Ttotal Status Flags
r-devel-linux-x86_64-debian-clang 0.2.0 7.50 94.32 101.82 OK
r-devel-linux-x86_64-debian-gcc 0.2.0 6.68 69.44 76.12 OK
r-devel-linux-x86_64-fedora-clang 0.2.0 132.59 NOTE
r-devel-linux-x86_64-fedora-gcc 0.2.0 128.96 NOTE
r-devel-windows-x86_64 0.2.0 35.00 125.00 160.00 OK
r-patched-linux-x86_64 0.2.0 7.07 87.91 94.98 OK
r-release-linux-x86_64 0.2.0 6.13 87.13 93.26 OK
r-release-macos-arm64 0.2.0 34.00 NOTE
r-release-macos-x86_64 0.2.0 73.00 NOTE
r-release-windows-x86_64 0.2.0 35.00 129.00 164.00 OK
r-oldrel-macos-arm64 0.2.0 35.00 NOTE
r-oldrel-macos-x86_64 0.2.0 50.00 NOTE
r-oldrel-windows-ix86+x86_64 0.2.0 17.00 120.00 137.00 OK

Check Details

Version: 0.2.0
Check: dependencies in R code
Result: NOTE
    Namespaces in Imports field not imported from:
     ‘pipeR’ ‘rlang’
     All declared Imports should be used.
Flavors: r-devel-linux-x86_64-fedora-clang, r-devel-linux-x86_64-fedora-gcc, r-release-macos-arm64, r-release-macos-x86_64, r-oldrel-macos-arm64, r-oldrel-macos-x86_64