CRAN Package Check Results for Package geoviz

Last updated on 2022-11-27 09:53:29 CET.

Flavor Version Tinstall Tcheck Ttotal Status Flags
r-devel-linux-x86_64-debian-clang 0.2.2 3.89 139.55 143.44 NOTE
r-devel-linux-x86_64-debian-gcc 0.2.2 3.24 103.63 106.87 NOTE
r-devel-linux-x86_64-fedora-clang 0.2.2 193.67 NOTE
r-devel-linux-x86_64-fedora-gcc 0.2.2 187.57 NOTE
r-devel-windows-x86_64 0.2.2 25.00 189.00 214.00 NOTE
r-patched-linux-x86_64 0.2.2 4.56 134.58 139.14 NOTE
r-release-linux-x86_64 0.2.2 4.34 130.93 135.27 NOTE
r-release-macos-arm64 0.2.2 63.00 NOTE
r-release-macos-x86_64 0.2.2 132.00 NOTE
r-release-windows-x86_64 0.2.2 31.00 193.00 224.00 NOTE
r-oldrel-macos-arm64 0.2.2 55.00 NOTE
r-oldrel-macos-x86_64 0.2.2 90.00 NOTE
r-oldrel-windows-ix86+x86_64 0.2.2 13.00 194.00 207.00 NOTE

Check Details

Version: 0.2.2
Check: LazyData
Result: NOTE
     'LazyData' is specified without a 'data' directory
Flavors: r-devel-linux-x86_64-debian-clang, r-devel-linux-x86_64-debian-gcc, r-devel-linux-x86_64-fedora-clang, r-devel-linux-x86_64-fedora-gcc, r-devel-windows-x86_64, r-patched-linux-x86_64, r-release-linux-x86_64, r-release-macos-arm64, r-release-macos-x86_64, r-release-windows-x86_64, r-oldrel-macos-arm64, r-oldrel-macos-x86_64, r-oldrel-windows-ix86+x86_64

Version: 0.2.2
Check: package dependencies
Result: NOTE
    Imports includes 22 non-default packages.
    Importing from so many packages makes the package vulnerable to any of
    them becoming unavailable. Move as many as possible to Suggests and
    use conditionally.
Flavor: r-devel-linux-x86_64-fedora-clang