CRAN Package Check Results for Package geosed

Last updated on 2022-01-27 09:49:33 CET.

Flavor Version Tinstall Tcheck Ttotal Status Flags
r-devel-linux-x86_64-debian-clang 0.1.1 2.15 44.51 46.66 NOTE
r-devel-linux-x86_64-debian-gcc 0.1.1 1.92 34.48 36.40 NOTE
r-devel-linux-x86_64-fedora-clang 0.1.1 55.59 NOTE
r-devel-linux-x86_64-fedora-gcc 0.1.1 44.99 NOTE
r-devel-windows-x86_64-new-UL 0.1.1 18.00 62.00 80.00 NOTE
r-devel-windows-x86_64-new-TK 0.1.1 NOTE
r-patched-linux-x86_64 0.1.1 2.54 41.14 43.68 NOTE
r-release-linux-x86_64 0.1.1 2.37 40.72 43.09 NOTE
r-release-macos-arm64 0.1.1 NOTE
r-release-macos-x86_64 0.1.1 NOTE
r-release-windows-ix86+x86_64 0.1.1 6.00 55.00 61.00 NOTE
r-oldrel-macos-x86_64 0.1.1 OK
r-oldrel-windows-ix86+x86_64 0.1.1 5.00 55.00 60.00 OK

Check Details

Version: 0.1.1
Check: LazyData
Result: NOTE
     'LazyData' is specified without a 'data' directory
Flavors: r-devel-linux-x86_64-debian-clang, r-devel-linux-x86_64-debian-gcc, r-devel-linux-x86_64-fedora-clang, r-devel-linux-x86_64-fedora-gcc, r-devel-windows-x86_64-new-UL, r-devel-windows-x86_64-new-TK, r-patched-linux-x86_64, r-release-linux-x86_64, r-release-macos-arm64, r-release-macos-x86_64, r-release-windows-ix86+x86_64