CRAN Package Check Results for Package geobr

Last updated on 2021-11-30 10:51:07 CET.

Flavor Version Tinstall Tcheck Ttotal Status Flags
r-devel-linux-x86_64-debian-clang 1.6.4 5.25 75.02 80.27 OK
r-devel-linux-x86_64-debian-gcc 1.6.4 3.73 56.71 60.44 OK
r-devel-linux-x86_64-fedora-clang 1.6.4 107.66 NOTE
r-devel-linux-x86_64-fedora-gcc 1.6.4 96.53 NOTE
r-devel-windows-x86_64-new-UL 1.6.4 18.00 136.00 154.00 OK
r-devel-windows-x86_64-new-TK 1.6.4 NOTE
r-devel-windows-x86_64-old 1.6.4 11.00 89.00 100.00 OK
r-patched-linux-x86_64 1.6.4 7.23 69.29 76.52 OK
r-patched-solaris-x86 1.6.4 153.60 NOTE
r-release-linux-x86_64 1.6.4 3.84 70.26 74.10 OK
r-release-macos-arm64 1.6.4 NOTE
r-release-macos-x86_64 1.6.4 NOTE
r-release-windows-ix86+x86_64 1.6.4 19.00 108.00 127.00 OK
r-oldrel-macos-x86_64 1.6.4 NOTE
r-oldrel-windows-ix86+x86_64 1.6.4 13.00 82.00 95.00 OK

Check Details

Version: 1.6.4
Check: data for non-ASCII characters
Result: NOTE
     Note: found 58 marked UTF-8 strings
Flavors: r-devel-linux-x86_64-fedora-clang, r-devel-linux-x86_64-fedora-gcc, r-devel-windows-x86_64-new-TK, r-patched-solaris-x86, r-release-macos-arm64, r-release-macos-x86_64, r-oldrel-macos-x86_64